{"id":14881,"date":"2025-12-02T10:25:05","date_gmt":"2025-12-02T09:25:05","guid":{"rendered":"https:\/\/www.f-haus.de\/cms\/?post_type=tribe_events&#038;p=14881"},"modified":"2026-02-11T15:31:13","modified_gmt":"2026-02-11T14:31:13","slug":"engst-240426","status":"publish","type":"tribe_events","link":"https:\/\/www.f-haus.de\/cms\/event\/engst-240426\/","title":{"rendered":"ENGST + STAKEOUT"},"content":{"rendered":"<p>\u00b7\u00b7\u00b7\u00b7\u00b7\u00b7\u00b7\u00b7\u00b7\u00b7\u00b7\u00b7\u00b7\u00b7\u00b7\u00b7\u00b7\u00b7\u00b7\u00b7\u00b7\u00b7\u00b7\u00b7\u00b7\u00b7\u00b7\u00b7\u00b7\u00b7\u00b7\u00b7\u00b7\u00b7\u00b7\u00b7\u00b7\u00b7<\/p>\n<p><small>CONTRA pr\u00e4sentiert<\/small><br \/>\n<b>ENGST<\/b><br \/>\n\u201e10 JAHRE JUBIL\u00c4UMS-TOUR PT 2\u201c<br \/>\nSupport: STAKEOUT<\/p>\n<p>\u00b7\u00b7\u00b7\u00b7\u00b7\u00b7\u00b7\u00b7\u00b7\u00b7\u00b7\u00b7\u00b7\u00b7\u00b7\u00b7\u00b7\u00b7\u00b7\u00b7\u00b7\u00b7\u00b7\u00b7\u00b7\u00b7\u00b7\u00b7\u00b7\u00b7\u00b7\u00b7\u00b7\u00b7\u00b7\u00b7\u00b7\u00b7<br \/>\n19:00 Einlass, 20:00 Beginn<br \/>\n&#x1f39f;&#xfe0f; | <a href=\"https:\/\/www.f-haus.de\/cms\/tickets-kaufen\/\">https:\/\/www.f-haus.de\/cms\/tickets-kaufen<\/a><br \/>\n\u00b7\u00b7\u00b7\u00b7\u00b7\u00b7\u00b7\u00b7\u00b7\u00b7\u00b7\u00b7\u00b7\u00b7\u00b7\u00b7\u00b7\u00b7\u00b7\u00b7\u00b7\u00b7\u00b7\u00b7\u00b7\u00b7\u00b7\u00b7\u00b7\u00b7\u00b7\u00b7\u00b7\u00b7\u00b7\u00b7\u00b7\u00b7<\/p>\n<p>Zehn Jahre ENGST &#8211; und kein bisschen leiser.<br \/>\nMit ihren neuen Singles \u201eAuf die n\u00e4chsten zehn\u201c (V\u00d6: 6. November 2025) und \u201eSag mir warum\u201c (V\u00d6: 4. Dezember 2025) starten die Berliner in ihr n\u00e4chstes Kapitel: das kommende Album \u201eGUTE LAUNE\u201c und die gro\u00dfe 10 Jahre ENGST Jubil\u00e4umstour ab dem 5. Dezember 2025.<\/p>\n<p>Und weil eine Runde einfach nicht reicht, legen ENGST 2026 direkt nach &#8211; mit sechs zus\u00e4tzlichen Shows, die das Jubil\u00e4um offiziell in die Verl\u00e4ngerung schicken.<\/p>\n<p>Frontmann Matthias Engst:<br \/>\n\u201eWir haben in den letzten zehn Jahren alles erlebt \u2013 von Clubshows mit 30 Leuten bis zu Festivals vor tausenden.<br \/>\n\u2018Auf die n\u00e4chsten zehn\u2019 ist unser Dank an alle, die geblieben sind \u2013 und ein Versprechen, dass wir noch lange nicht fertig sind.\u201c<\/p>\n<p>Die gro\u00dfe 10 Jahre Jubil\u00e4ums-Tour &#8211; ein R\u00fcckblick auf eine Dekade, die alles hatte: Wut, Freude, Schmerz und Hoffnung.<br \/>\nENGST blicken nicht sentimental zur\u00fcck, sondern mit Stolz nach vorn. \u201eGUTE LAUNE\u201c ist kein Zustand &#8211; es ist eine Haltung.<\/p>\n<p>\u00b7\u00b7\u00b7\u00b7\u00b7\u00b7\u00b7\u00b7\u00b7\u00b7\u00b7\u00b7\u00b7\u00b7\u00b7\u00b7\u00b7\u00b7\u00b7\u00b7\u00b7\u00b7\u00b7\u00b7\u00b7\u00b7\u00b7\u00b7\u00b7\u00b7\u00b7\u00b7\u00b7\u00b7\u00b7\u00b7\u00b7\u00b7<br \/>\n<a href=\"https:\/\/www.engst-musik.de\/\" target=\"_blank\">https:\/\/www.engst-musik.de<\/a><br \/>\n<a href=\"https:\/\/www.instagram.com\/engst.band\/\" target=\"_blank\">https:\/\/www.instagram.com\/engst.band<\/a><br \/>\n<a href=\"https:\/\/de-de.facebook.com\/Engstmusik\/\" target=\"_blank\">https:\/\/de-de.facebook.com\/Engstmusik<\/a><br \/>\n<a href=\"https:\/\/www.instagram.com\/stakeout_band\/\" target=\"_blank\">https:\/\/www.instagram.com\/stakeout_band\/<\/a><br \/>\n\u00b7\u00b7\u00b7\u00b7\u00b7\u00b7\u00b7\u00b7\u00b7\u00b7\u00b7\u00b7\u00b7\u00b7\u00b7\u00b7\u00b7\u00b7\u00b7\u00b7\u00b7\u00b7\u00b7\u00b7\u00b7\u00b7\u00b7\u00b7\u00b7\u00b7\u00b7\u00b7\u00b7\u00b7\u00b7\u00b7\u00b7\u00b7<\/p>\n<p><iframe loading=\"lazy\" width=\"1047\" height=\"589\" src=\"https:\/\/www.youtube.com\/embed\/OTHNYxZhbNI\" title=\"AUF DIE N\u00c4CHSTEN ZEHN - ENGST\" frameborder=\"0\" allow=\"accelerometer; autoplay; clipboard-write; encrypted-media; gyroscope; picture-in-picture; web-share\" referrerpolicy=\"strict-origin-when-cross-origin\" allowfullscreen><\/iframe><br \/>\n<iframe loading=\"lazy\" width=\"1047\" height=\"552\" src=\"https:\/\/www.youtube.com\/embed\/L2ekky_vBo8\" title=\"ENGST - Herr Meier von der AFD ( OFFICIAL VIDEO )\" frameborder=\"0\" allow=\"accelerometer; autoplay; clipboard-write; encrypted-media; gyroscope; picture-in-picture; web-share\" referrerpolicy=\"strict-origin-when-cross-origin\" allowfullscreen><\/iframe><br \/>\n<iframe loading=\"lazy\" width=\"1047\" height=\"610\" src=\"https:\/\/www.youtube.com\/embed\/Erv34c4na38?list=RDErv34c4na38\" title=\"Wenn du dumm bist\" frameborder=\"0\" allow=\"accelerometer; autoplay; clipboard-write; encrypted-media; gyroscope; picture-in-picture; web-share\" referrerpolicy=\"strict-origin-when-cross-origin\" allowfullscreen><\/iframe><br \/>\n<iframe loading=\"lazy\" width=\"1071\" height=\"602\" src=\"https:\/\/www.youtube.com\/embed\/Iy61G5YsKE8?list=RDEM6OOkqwBJbU_eN0Newn1axw\" title=\"Stakeout - Ponys f\u00fcr alle (Official Video)\" frameborder=\"0\" allow=\"accelerometer; autoplay; clipboard-write; encrypted-media; gyroscope; picture-in-picture; web-share\" referrerpolicy=\"strict-origin-when-cross-origin\" allowfullscreen><\/iframe><\/p>\n","protected":false},"excerpt":{"rendered":"<p>19:00 Einlass, 20:00 Beginn<br \/>\n&#x1f39f;&#xfe0f; | <a href=\"https:\/\/www.f-haus.de\/cms\/tickets-kaufen\/\">Tickets hier kaufen<\/a><br \/>\n<BR><br \/>\n<BR><\/p>\n","protected":false},"author":1,"featured_media":14882,"template":"","meta":{"_kad_post_transparent":"","_kad_post_title":"","_kad_post_layout":"","_kad_post_sidebar_id":"","_kad_post_content_style":"","_kad_post_vertical_padding":"","_kad_post_feature":"","_kad_post_feature_position":"","_kad_post_header":false,"_kad_post_footer":false,"_kad_post_classname":"","_tribe_events_status":"","_tribe_events_status_reason":"","footnotes":""},"tags":[15,288,792,712,286],"tribe_events_cat":[633],"class_list":["post-14881","tribe_events","type-tribe_events","status-publish","has-post-thumbnail","hentry","tag-konzert","tag-live","tag-punk","tag-punkrock","tag-rock","tribe_events_cat-konzert","cat_konzert"],"_links":{"self":[{"href":"https:\/\/www.f-haus.de\/cms\/wp-json\/wp\/v2\/tribe_events\/14881","targetHints":{"allow":["GET"]}}],"collection":[{"href":"https:\/\/www.f-haus.de\/cms\/wp-json\/wp\/v2\/tribe_events"}],"about":[{"href":"https:\/\/www.f-haus.de\/cms\/wp-json\/wp\/v2\/types\/tribe_events"}],"author":[{"embeddable":true,"href":"https:\/\/www.f-haus.de\/cms\/wp-json\/wp\/v2\/users\/1"}],"version-history":[{"count":6,"href":"https:\/\/www.f-haus.de\/cms\/wp-json\/wp\/v2\/tribe_events\/14881\/revisions"}],"predecessor-version":[{"id":15052,"href":"https:\/\/www.f-haus.de\/cms\/wp-json\/wp\/v2\/tribe_events\/14881\/revisions\/15052"}],"wp:featuredmedia":[{"embeddable":true,"href":"https:\/\/www.f-haus.de\/cms\/wp-json\/wp\/v2\/media\/14882"}],"wp:attachment":[{"href":"https:\/\/www.f-haus.de\/cms\/wp-json\/wp\/v2\/media?parent=14881"}],"wp:term":[{"taxonomy":"post_tag","embeddable":true,"href":"https:\/\/www.f-haus.de\/cms\/wp-json\/wp\/v2\/tags?post=14881"},{"taxonomy":"tribe_events_cat","embeddable":true,"href":"https:\/\/www.f-haus.de\/cms\/wp-json\/wp\/v2\/tribe_events_cat?post=14881"}],"curies":[{"name":"wp","href":"https:\/\/api.w.org\/{rel}","templated":true}]}}

<p>······································</p>
<p><small>CONTRA präsentiert</small><br />
<b>ENGST</b><br />
„10 JAHRE JUBILÄUMS-TOUR PT 2“<br />
Support: STAKEOUT</p>
<p>······································<br />
19:00 Einlass, 20:00 Beginn<br />
&#x1f39f;&#xfe0f; | <a href="https://www.f-haus.de/cms/tickets-kaufen/">https://www.f-haus.de/cms/tickets-kaufen</a><br />
······································</p>
<p>Zehn Jahre ENGST &#8211; und kein bisschen leiser.<br />
Mit ihren neuen Singles „Auf die nächsten zehn“ (VÖ: 6. November 2025) und „Sag mir warum“ (VÖ: 4. Dezember 2025) starten die Berliner in ihr nächstes Kapitel: das kommende Album „GUTE LAUNE“ und die große 10 Jahre ENGST Jubiläumstour ab dem 5. Dezember 2025.</p>
<p>Und weil eine Runde einfach nicht reicht, legen ENGST 2026 direkt nach &#8211; mit sechs zusätzlichen Shows, die das Jubiläum offiziell in die Verlängerung schicken.</p>
<p>Frontmann Matthias Engst:<br />
„Wir haben in den letzten zehn Jahren alles erlebt – von Clubshows mit 30 Leuten bis zu Festivals vor tausenden.<br />
‘Auf die nächsten zehn’ ist unser Dank an alle, die geblieben sind – und ein Versprechen, dass wir noch lange nicht fertig sind.“</p>
<p>Die große 10 Jahre Jubiläums-Tour &#8211; ein Rückblick auf eine Dekade, die alles hatte: Wut, Freude, Schmerz und Hoffnung.<br />
ENGST blicken nicht sentimental zurück, sondern mit Stolz nach vorn. „GUTE LAUNE“ ist kein Zustand &#8211; es ist eine Haltung.</p>
<p>······································<br />
<a href="https://www.engst-musik.de/" target="_blank">https://www.engst-musik.de</a><br />
<a href="https://www.instagram.com/engst.band/" target="_blank">https://www.instagram.com/engst.band</a><br />
<a href="https://de-de.facebook.com/Engstmusik/" target="_blank">https://de-de.facebook.com/Engstmusik</a><br />
<a href="https://www.instagram.com/stakeout_band/" target="_blank">https://www.instagram.com/stakeout_band/</a><br />
······································</p>
<p><iframe loading="lazy" width="1047" height="589" src="https://www.youtube.com/embed/OTHNYxZhbNI" title="AUF DIE NÄCHSTEN ZEHN - ENGST" frameborder="0" allow="accelerometer; autoplay; clipboard-write; encrypted-media; gyroscope; picture-in-picture; web-share" referrerpolicy="strict-origin-when-cross-origin" allowfullscreen></iframe><br />
<iframe loading="lazy" width="1047" height="552" src="https://www.youtube.com/embed/L2ekky_vBo8" title="ENGST - Herr Meier von der AFD ( OFFICIAL VIDEO )" frameborder="0" allow="accelerometer; autoplay; clipboard-write; encrypted-media; gyroscope; picture-in-picture; web-share" referrerpolicy="strict-origin-when-cross-origin" allowfullscreen></iframe><br />
<iframe loading="lazy" width="1047" height="610" src="https://www.youtube.com/embed/Erv34c4na38?list=RDErv34c4na38" title="Wenn du dumm bist" frameborder="0" allow="accelerometer; autoplay; clipboard-write; encrypted-media; gyroscope; picture-in-picture; web-share" referrerpolicy="strict-origin-when-cross-origin" allowfullscreen></iframe><br />
<iframe loading="lazy" width="1071" height="602" src="https://www.youtube.com/embed/Iy61G5YsKE8?list=RDEM6OOkqwBJbU_eN0Newn1axw" title="Stakeout - Ponys für alle (Official Video)" frameborder="0" allow="accelerometer; autoplay; clipboard-write; encrypted-media; gyroscope; picture-in-picture; web-share" referrerpolicy="strict-origin-when-cross-origin" allowfullscreen></iframe></p>
