{"id":14891,"date":"2025-12-05T12:00:21","date_gmt":"2025-12-05T11:00:21","guid":{"rendered":"https:\/\/www.f-haus.de\/cms\/?post_type=tribe_events&#038;p=14891"},"modified":"2026-02-06T14:07:30","modified_gmt":"2026-02-06T13:07:30","slug":"zsk-160426","status":"publish","type":"tribe_events","link":"https:\/\/www.f-haus.de\/cms\/event\/zsk-160426\/","title":{"rendered":"ZSK + STILL TALK"},"content":{"rendered":"<p>\u00b7\u00b7\u00b7\u00b7\u00b7\u00b7\u00b7\u00b7\u00b7\u00b7\u00b7\u00b7\u00b7\u00b7\u00b7\u00b7\u00b7\u00b7\u00b7\u00b7\u00b7\u00b7\u00b7\u00b7\u00b7\u00b7\u00b7\u00b7\u00b7\u00b7\u00b7\u00b7\u00b7\u00b7\u00b7\u00b7\u00b7\u00b7<\/p>\n<p><b>ZSK<\/b><br \/>\n+ STILL TALK<\/p>\n<p>\u00b7\u00b7\u00b7\u00b7\u00b7\u00b7\u00b7\u00b7\u00b7\u00b7\u00b7\u00b7\u00b7\u00b7\u00b7\u00b7\u00b7\u00b7\u00b7\u00b7\u00b7\u00b7\u00b7\u00b7\u00b7\u00b7\u00b7\u00b7\u00b7\u00b7\u00b7\u00b7\u00b7\u00b7\u00b7\u00b7\u00b7\u00b7<br \/>\n19:00 Einlass, 20:00 Beginn<br \/>\n&#x1f39f;&#xfe0f; | <a href=\"https:\/\/www.f-haus.de\/cms\/tickets-kaufen\/\">https:\/\/www.f-haus.de\/cms\/tickets-kaufen<\/a><br \/>\n\u00b7\u00b7\u00b7\u00b7\u00b7\u00b7\u00b7\u00b7\u00b7\u00b7\u00b7\u00b7\u00b7\u00b7\u00b7\u00b7\u00b7\u00b7\u00b7\u00b7\u00b7\u00b7\u00b7\u00b7\u00b7\u00b7\u00b7\u00b7\u00b7\u00b7\u00b7\u00b7\u00b7\u00b7\u00b7\u00b7\u00b7\u00b7<\/p>\n<p>Wir kommen in deine Stadt &#8211; das ist keine Drohung, sondern Eskalation mit Ansage.<\/p>\n<p>Nach ihrer gro\u00dfen Tour zum neuen Album kommen ZSK noch mal f\u00fcr eine zweite Runde zur\u00fcck. Exklusive Shows in kleinen Klubs. Ganz nah und vor allem ganz laut. Punkrock halt.<\/p>\n<p>Das Album, \u201eFeuer und Papier\u201c landete direkt auf Platz 5 der Deutschen Album Charts. Danach ging es quer durch Deutschland, \u00d6sterreich und die Schweiz.<\/p>\n<p>\u201eWir kriegen einfach nicht genug davon\u201c, sagt S\u00e4nger Joshi. \u201eJetzt nehmen wir nochmal die kleinen Klubs auseinander.\u201c<\/p>\n<p>Kurz vor der Tour erscheint im M\u00e4rz noch die neue Single \u201eLieblingslieder\u201c. Ein Song \u00fcber die Liebe zur Musik und wie sie in schwierigen Lebenslagen hilft.<\/p>\n<p>Die Tickets sind begrenzt. Schnell Karten sichern, bevor es zu sp\u00e4t ist!<\/p>\n<p>Wir Kommen in Deine Stadt-Tour 2026<br \/>\n16.04.2026 Jena, F-Haus<br \/>\n17.04.2026 Hildesheim, Kulturfabrik L\u00f6seke<br \/>\n18.04.2026 Gie\u00dfen, MuK<br \/>\n21.05.2026 Flensburg, K\u00fchlhaus<br \/>\n22.05.2026 Celle, CD-Kaserne<br \/>\n23.05.2026 G\u00f6ttingen, Musa<\/p>\n<p>\u00b7\u00b7\u00b7\u00b7\u00b7\u00b7\u00b7\u00b7\u00b7\u00b7\u00b7\u00b7\u00b7\u00b7\u00b7\u00b7\u00b7\u00b7\u00b7\u00b7\u00b7\u00b7\u00b7\u00b7\u00b7\u00b7\u00b7\u00b7\u00b7\u00b7\u00b7\u00b7\u00b7\u00b7\u00b7\u00b7\u00b7\u00b7<br \/>\n<a href=\"https:\/\/www.instagram.com\/zskberlin\/\" target=\"_blank\">https:\/\/www.instagram.com\/zskberlin<\/a><br \/>\n<a href=\"https:\/\/www.facebook.com\/ZSKBerlin\/\" target=\"_blank\">https:\/\/www.facebook.com\/ZSKBerlin<\/a><br \/>\n<a href=\"https:\/\/www.zsk.berlin\/\" target=\"_blank\">https:\/\/www.zsk.berlin<\/a><br \/>\n<a href=\"https:\/\/www.instagram.com\/stilltalk\" target=\"_blank\">https:\/\/www.instagram.com\/stilltalk<\/a><br \/>\n\u00b7\u00b7\u00b7\u00b7\u00b7\u00b7\u00b7\u00b7\u00b7\u00b7\u00b7\u00b7\u00b7\u00b7\u00b7\u00b7\u00b7\u00b7\u00b7\u00b7\u00b7\u00b7\u00b7\u00b7\u00b7\u00b7\u00b7\u00b7\u00b7\u00b7\u00b7\u00b7\u00b7\u00b7\u00b7\u00b7\u00b7\u00b7<\/p>\n<p><iframe loading=\"lazy\" width=\"1047\" height=\"442\" src=\"https:\/\/www.youtube.com\/embed\/CTZFeEn3JUA\" title=\"ZSK - Es m\u00fcsste immer Musik da sein (Offizielles Video)\" frameborder=\"0\" allow=\"accelerometer; autoplay; clipboard-write; encrypted-media; gyroscope; picture-in-picture; web-share\" referrerpolicy=\"strict-origin-when-cross-origin\" allowfullscreen><\/iframe><br \/>\n<iframe loading=\"lazy\" width=\"1047\" height=\"589\" src=\"https:\/\/www.youtube.com\/embed\/-x76Vn4_hI0\" title=\"ZSK - Alle meine Freunde (Offizielles Video)\" frameborder=\"0\" allow=\"accelerometer; autoplay; clipboard-write; encrypted-media; gyroscope; picture-in-picture; web-share\" referrerpolicy=\"strict-origin-when-cross-origin\" allowfullscreen><\/iframe><br \/>\n<iframe loading=\"lazy\" width=\"1047\" height=\"589\" src=\"https:\/\/www.youtube.com\/embed\/37HmSiXZ_4Q\" title=\"ZSK - Und ich h\u00f6re dich atmen (Offizielles Video)\" frameborder=\"0\" allow=\"accelerometer; autoplay; clipboard-write; encrypted-media; gyroscope; picture-in-picture; web-share\" referrerpolicy=\"strict-origin-when-cross-origin\" allowfullscreen><\/iframe><br \/>\n<iframe loading=\"lazy\" width=\"1071\" height=\"602\" src=\"https:\/\/www.youtube.com\/embed\/iJPrQkb8W3c\" title=\"Still Talk - I Speak Your Language (Official Video)\" frameborder=\"0\" allow=\"accelerometer; autoplay; clipboard-write; encrypted-media; gyroscope; picture-in-picture; web-share\" referrerpolicy=\"strict-origin-when-cross-origin\" allowfullscreen><\/iframe><\/p>\n","protected":false},"excerpt":{"rendered":"<p>19:00 Einlass, 20:00 Beginn<br \/>\n&#x1f39f;&#xfe0f; | <a href=\"https:\/\/www.f-haus.de\/cms\/tickets-kaufen\/\">Tickets hier kaufen<\/a><br \/>\n<BR><br \/>\n<BR><\/p>\n","protected":false},"author":1,"featured_media":14892,"template":"","meta":{"_kad_post_transparent":"","_kad_post_title":"","_kad_post_layout":"","_kad_post_sidebar_id":"","_kad_post_content_style":"","_kad_post_vertical_padding":"","_kad_post_feature":"","_kad_post_feature_position":"","_kad_post_header":false,"_kad_post_footer":false,"_kad_post_classname":"","_tribe_events_status":"","_tribe_events_status_reason":"","footnotes":""},"tags":[1144,15,288,792,712],"tribe_events_cat":[633],"class_list":["post-14891","tribe_events","type-tribe_events","status-publish","has-post-thumbnail","hentry","tag-emopop","tag-konzert","tag-live","tag-punk","tag-punkrock","tribe_events_cat-konzert","cat_konzert"],"_links":{"self":[{"href":"https:\/\/www.f-haus.de\/cms\/wp-json\/wp\/v2\/tribe_events\/14891","targetHints":{"allow":["GET"]}}],"collection":[{"href":"https:\/\/www.f-haus.de\/cms\/wp-json\/wp\/v2\/tribe_events"}],"about":[{"href":"https:\/\/www.f-haus.de\/cms\/wp-json\/wp\/v2\/types\/tribe_events"}],"author":[{"embeddable":true,"href":"https:\/\/www.f-haus.de\/cms\/wp-json\/wp\/v2\/users\/1"}],"version-history":[{"count":4,"href":"https:\/\/www.f-haus.de\/cms\/wp-json\/wp\/v2\/tribe_events\/14891\/revisions"}],"predecessor-version":[{"id":15030,"href":"https:\/\/www.f-haus.de\/cms\/wp-json\/wp\/v2\/tribe_events\/14891\/revisions\/15030"}],"wp:featuredmedia":[{"embeddable":true,"href":"https:\/\/www.f-haus.de\/cms\/wp-json\/wp\/v2\/media\/14892"}],"wp:attachment":[{"href":"https:\/\/www.f-haus.de\/cms\/wp-json\/wp\/v2\/media?parent=14891"}],"wp:term":[{"taxonomy":"post_tag","embeddable":true,"href":"https:\/\/www.f-haus.de\/cms\/wp-json\/wp\/v2\/tags?post=14891"},{"taxonomy":"tribe_events_cat","embeddable":true,"href":"https:\/\/www.f-haus.de\/cms\/wp-json\/wp\/v2\/tribe_events_cat?post=14891"}],"curies":[{"name":"wp","href":"https:\/\/api.w.org\/{rel}","templated":true}]}}

<p>······································</p>
<p><b>ZSK</b><br />
+ STILL TALK</p>
<p>······································<br />
19:00 Einlass, 20:00 Beginn<br />
&#x1f39f;&#xfe0f; | <a href="https://www.f-haus.de/cms/tickets-kaufen/">https://www.f-haus.de/cms/tickets-kaufen</a><br />
······································</p>
<p>Wir kommen in deine Stadt &#8211; das ist keine Drohung, sondern Eskalation mit Ansage.</p>
<p>Nach ihrer großen Tour zum neuen Album kommen ZSK noch mal für eine zweite Runde zurück. Exklusive Shows in kleinen Klubs. Ganz nah und vor allem ganz laut. Punkrock halt.</p>
<p>Das Album, „Feuer und Papier“ landete direkt auf Platz 5 der Deutschen Album Charts. Danach ging es quer durch Deutschland, Österreich und die Schweiz.</p>
<p>„Wir kriegen einfach nicht genug davon“, sagt Sänger Joshi. „Jetzt nehmen wir nochmal die kleinen Klubs auseinander.“</p>
<p>Kurz vor der Tour erscheint im März noch die neue Single „Lieblingslieder“. Ein Song über die Liebe zur Musik und wie sie in schwierigen Lebenslagen hilft.</p>
<p>Die Tickets sind begrenzt. Schnell Karten sichern, bevor es zu spät ist!</p>
<p>Wir Kommen in Deine Stadt-Tour 2026<br />
16.04.2026 Jena, F-Haus<br />
17.04.2026 Hildesheim, Kulturfabrik Löseke<br />
18.04.2026 Gießen, MuK<br />
21.05.2026 Flensburg, Kühlhaus<br />
22.05.2026 Celle, CD-Kaserne<br />
23.05.2026 Göttingen, Musa</p>
<p>······································<br />
<a href="https://www.instagram.com/zskberlin/" target="_blank">https://www.instagram.com/zskberlin</a><br />
<a href="https://www.facebook.com/ZSKBerlin/" target="_blank">https://www.facebook.com/ZSKBerlin</a><br />
<a href="https://www.zsk.berlin/" target="_blank">https://www.zsk.berlin</a><br />
<a href="https://www.instagram.com/stilltalk" target="_blank">https://www.instagram.com/stilltalk</a><br />
······································</p>
<p><iframe loading="lazy" width="1047" height="442" src="https://www.youtube.com/embed/CTZFeEn3JUA" title="ZSK - Es müsste immer Musik da sein (Offizielles Video)" frameborder="0" allow="accelerometer; autoplay; clipboard-write; encrypted-media; gyroscope; picture-in-picture; web-share" referrerpolicy="strict-origin-when-cross-origin" allowfullscreen></iframe><br />
<iframe loading="lazy" width="1047" height="589" src="https://www.youtube.com/embed/-x76Vn4_hI0" title="ZSK - Alle meine Freunde (Offizielles Video)" frameborder="0" allow="accelerometer; autoplay; clipboard-write; encrypted-media; gyroscope; picture-in-picture; web-share" referrerpolicy="strict-origin-when-cross-origin" allowfullscreen></iframe><br />
<iframe loading="lazy" width="1047" height="589" src="https://www.youtube.com/embed/37HmSiXZ_4Q" title="ZSK - Und ich höre dich atmen (Offizielles Video)" frameborder="0" allow="accelerometer; autoplay; clipboard-write; encrypted-media; gyroscope; picture-in-picture; web-share" referrerpolicy="strict-origin-when-cross-origin" allowfullscreen></iframe><br />
<iframe loading="lazy" width="1071" height="602" src="https://www.youtube.com/embed/iJPrQkb8W3c" title="Still Talk - I Speak Your Language (Official Video)" frameborder="0" allow="accelerometer; autoplay; clipboard-write; encrypted-media; gyroscope; picture-in-picture; web-share" referrerpolicy="strict-origin-when-cross-origin" allowfullscreen></iframe></p>
