{"id":15042,"date":"2026-03-08T12:00:14","date_gmt":"2026-03-08T11:00:14","guid":{"rendered":"https:\/\/www.f-haus.de\/cms\/?post_type=tribe_events&#038;p=15042"},"modified":"2026-02-10T13:33:57","modified_gmt":"2026-02-10T12:33:57","slug":"thomas-godoj-040926","status":"publish","type":"tribe_events","link":"https:\/\/www.f-haus.de\/cms\/event\/thomas-godoj-040926\/","title":{"rendered":"THOMAS GODOJ"},"content":{"rendered":"<p>\u00b7\u00b7\u00b7\u00b7\u00b7\u00b7\u00b7\u00b7\u00b7\u00b7\u00b7\u00b7\u00b7\u00b7\u00b7\u00b7\u00b7\u00b7\u00b7\u00b7\u00b7\u00b7\u00b7\u00b7\u00b7\u00b7\u00b7\u00b7\u00b7\u00b7\u00b7\u00b7\u00b7\u00b7\u00b7\u00b7\u00b7\u00b7<\/p>\n<p><b>THOMAS GODOJ<\/b><br \/>\n&#8222;Kreuzwege Tour 2026&#8220;<\/p>\n<p>\u00b7\u00b7\u00b7\u00b7\u00b7\u00b7\u00b7\u00b7\u00b7\u00b7\u00b7\u00b7\u00b7\u00b7\u00b7\u00b7\u00b7\u00b7\u00b7\u00b7\u00b7\u00b7\u00b7\u00b7\u00b7\u00b7\u00b7\u00b7\u00b7\u00b7\u00b7\u00b7\u00b7\u00b7\u00b7\u00b7\u00b7\u00b7<br \/>\n19:00 Einlass, 20:00 Beginn<br \/>\n&#x1f39f;&#xfe0f; | <a href=\"https:\/\/www.f-haus.de\/cms\/tickets-kaufen\/\">https:\/\/www.f-haus.de\/cms\/tickets-kaufen\/<\/a><br \/>\n\u00b7\u00b7\u00b7\u00b7\u00b7\u00b7\u00b7\u00b7\u00b7\u00b7\u00b7\u00b7\u00b7\u00b7\u00b7\u00b7\u00b7\u00b7\u00b7\u00b7\u00b7\u00b7\u00b7\u00b7\u00b7\u00b7\u00b7\u00b7\u00b7\u00b7\u00b7\u00b7\u00b7\u00b7\u00b7\u00b7\u00b7\u00b7<\/p>\n<p>Kreuzwege sind keine Orte zum Verweilen. Kreuzwege sind der Punkt, an dem du entweder einknickst oder weitergehst, wo sich entscheidet, wer man wirklich ist. Genau da setzt das 10. Studioalbum \u201eKreuzwege\u201c von Thomas Godoj an.<\/p>\n<p>Thomas Godoj hat sich nie f\u00fcr den leichten Weg interessiert. Seit seinem Durchbruch 2008 und der direkten Abkehr von boulevardesken Vermarktungsstrukturen macht er kompromisslos sein eigenes Ding. Kein glattgeb\u00fcgelter Pop. Stattdessen Arbeit, Haltung und Rockmusik mit echtem Gewicht. Anpassung liegt ihm nicht, Aufrichtigkeit schon. Aufgewachsen im Ruhrgebiet, spricht Godoj Klartext. Seine Songs handeln von inneren K\u00e4mpfen, gesellschaftlicher Reibung, Wut, Angst und der Entscheidung, trotzdem weiterzumachen. Seine Stimme ist dabei sein st\u00e4rkstes Werkzeug. Rau, mal druckvoll, mal verletzlich und sofort wiedererkennbar.<\/p>\n<p>Musikalisch knallt \u201eKreuzwege\u201c. Alternative Rock, Metal und moderner Hard Rock verschmelzen zu einem Sound, der schiebt und h\u00e4ngen bleibt. Schwere Gitarren, dichte Arrangements, gro\u00dfe Refrains und genug Dreck unter den Fingern\u00e4geln. Nach neun Studioalben, einem Akustikalbum und mehreren Live-Releases klingt dieses Album wie eine Ansage.<\/p>\n<p>Seit 2014 ver\u00f6Yentlicht Thomas Godoj seine Alben unabh\u00e4ngig und finanziert sie gemeinsam mit seiner Community \u00fcber Crowdfunding. Kein Marketing-Gag, sondern gelebte Unabh\u00e4ngigkeit. Musik entsteht hier nicht f\u00fcr Algorithmen, sondern f\u00fcr Menschen.<\/p>\n<p>Live ist das sp\u00fcrbar. Explosive Rockshows mit Band wechseln sich mit intensiven AkustikKonzerten ab. Zwei Extreme, ein K\u00fcnstler. Genau wie das neue Album.<\/p>\n<p>Godoj steht f\u00fcr Eigenst\u00e4ndigkeit &#8211; und f\u00fcr Musik, die nicht jedem gefallen will, sondern etwas ausl\u00f6st.<\/p>\n<p>Foto: Julia Scheibeck<\/p>\n<p>\u00b7\u00b7\u00b7\u00b7\u00b7\u00b7\u00b7\u00b7\u00b7\u00b7\u00b7\u00b7\u00b7\u00b7\u00b7\u00b7\u00b7\u00b7\u00b7\u00b7\u00b7\u00b7\u00b7\u00b7\u00b7\u00b7\u00b7\u00b7\u00b7\u00b7\u00b7\u00b7\u00b7\u00b7\u00b7\u00b7\u00b7\u00b7<br \/>\n<a href=\"https:\/\/www.thomasgodoj.de\/\" target=\"_blank\">https:\/\/www.thomasgodoj.de\/\/<\/a><br \/>\n<a href=\"https:\/\/www.instagram.com\/thomasgodoj\" target=\"_blank\">https:\/\/www.instagram.com\/thomasgodoj<\/a><br \/>\n<a href=\"https:\/\/www.facebook.com\/ThomasGodoj\/\" target=\"_blank\">https:\/\/www.facebook.com\/ThomasGodoj\/<\/a><br \/>\n\u00b7\u00b7\u00b7\u00b7\u00b7\u00b7\u00b7\u00b7\u00b7\u00b7\u00b7\u00b7\u00b7\u00b7\u00b7\u00b7\u00b7\u00b7\u00b7\u00b7\u00b7\u00b7\u00b7\u00b7\u00b7\u00b7\u00b7\u00b7\u00b7\u00b7\u00b7\u00b7\u00b7\u00b7\u00b7\u00b7\u00b7\u00b7<\/p>\n","protected":false},"excerpt":{"rendered":"<p>19:00 Einlass, 20:00 Beginn<br \/>\n&#x1f39f;&#xfe0f; | <a href=\"https:\/\/www.f-haus.de\/cms\/tickets-kaufen\/\">Tickets hier kaufen<\/a><br \/>\n<BR><br \/>\n<BR><\/p>\n","protected":false},"author":1,"featured_media":15043,"template":"","meta":{"_kad_post_transparent":"","_kad_post_title":"","_kad_post_layout":"","_kad_post_sidebar_id":"","_kad_post_content_style":"","_kad_post_vertical_padding":"","_kad_post_feature":"","_kad_post_feature_position":"","_kad_post_header":false,"_kad_post_footer":false,"_kad_post_classname":"","_tribe_events_status":"","_tribe_events_status_reason":"","footnotes":""},"tags":[1145,676,15,288,286],"tribe_events_cat":[633],"class_list":["post-15042","tribe_events","type-tribe_events","status-publish","has-post-thumbnail","hentry","tag-alternative-rock","tag-hard-rock","tag-konzert","tag-live","tag-rock","tribe_events_cat-konzert","cat_konzert"],"_links":{"self":[{"href":"https:\/\/www.f-haus.de\/cms\/wp-json\/wp\/v2\/tribe_events\/15042","targetHints":{"allow":["GET"]}}],"collection":[{"href":"https:\/\/www.f-haus.de\/cms\/wp-json\/wp\/v2\/tribe_events"}],"about":[{"href":"https:\/\/www.f-haus.de\/cms\/wp-json\/wp\/v2\/types\/tribe_events"}],"author":[{"embeddable":true,"href":"https:\/\/www.f-haus.de\/cms\/wp-json\/wp\/v2\/users\/1"}],"version-history":[{"count":1,"href":"https:\/\/www.f-haus.de\/cms\/wp-json\/wp\/v2\/tribe_events\/15042\/revisions"}],"predecessor-version":[{"id":15044,"href":"https:\/\/www.f-haus.de\/cms\/wp-json\/wp\/v2\/tribe_events\/15042\/revisions\/15044"}],"wp:featuredmedia":[{"embeddable":true,"href":"https:\/\/www.f-haus.de\/cms\/wp-json\/wp\/v2\/media\/15043"}],"wp:attachment":[{"href":"https:\/\/www.f-haus.de\/cms\/wp-json\/wp\/v2\/media?parent=15042"}],"wp:term":[{"taxonomy":"post_tag","embeddable":true,"href":"https:\/\/www.f-haus.de\/cms\/wp-json\/wp\/v2\/tags?post=15042"},{"taxonomy":"tribe_events_cat","embeddable":true,"href":"https:\/\/www.f-haus.de\/cms\/wp-json\/wp\/v2\/tribe_events_cat?post=15042"}],"curies":[{"name":"wp","href":"https:\/\/api.w.org\/{rel}","templated":true}]}}

<p>······································</p>
<p><b>THOMAS GODOJ</b><br />
&#8222;Kreuzwege Tour 2026&#8220;</p>
<p>······································<br />
19:00 Einlass, 20:00 Beginn<br />
&#x1f39f;&#xfe0f; | <a href="https://www.f-haus.de/cms/tickets-kaufen/">https://www.f-haus.de/cms/tickets-kaufen/</a><br />
······································</p>
<p>Kreuzwege sind keine Orte zum Verweilen. Kreuzwege sind der Punkt, an dem du entweder einknickst oder weitergehst, wo sich entscheidet, wer man wirklich ist. Genau da setzt das 10. Studioalbum „Kreuzwege“ von Thomas Godoj an.</p>
<p>Thomas Godoj hat sich nie für den leichten Weg interessiert. Seit seinem Durchbruch 2008 und der direkten Abkehr von boulevardesken Vermarktungsstrukturen macht er kompromisslos sein eigenes Ding. Kein glattgebügelter Pop. Stattdessen Arbeit, Haltung und Rockmusik mit echtem Gewicht. Anpassung liegt ihm nicht, Aufrichtigkeit schon. Aufgewachsen im Ruhrgebiet, spricht Godoj Klartext. Seine Songs handeln von inneren Kämpfen, gesellschaftlicher Reibung, Wut, Angst und der Entscheidung, trotzdem weiterzumachen. Seine Stimme ist dabei sein stärkstes Werkzeug. Rau, mal druckvoll, mal verletzlich und sofort wiedererkennbar.</p>
<p>Musikalisch knallt „Kreuzwege“. Alternative Rock, Metal und moderner Hard Rock verschmelzen zu einem Sound, der schiebt und hängen bleibt. Schwere Gitarren, dichte Arrangements, große Refrains und genug Dreck unter den Fingernägeln. Nach neun Studioalben, einem Akustikalbum und mehreren Live-Releases klingt dieses Album wie eine Ansage.</p>
<p>Seit 2014 veröYentlicht Thomas Godoj seine Alben unabhängig und finanziert sie gemeinsam mit seiner Community über Crowdfunding. Kein Marketing-Gag, sondern gelebte Unabhängigkeit. Musik entsteht hier nicht für Algorithmen, sondern für Menschen.</p>
<p>Live ist das spürbar. Explosive Rockshows mit Band wechseln sich mit intensiven AkustikKonzerten ab. Zwei Extreme, ein Künstler. Genau wie das neue Album.</p>
<p>Godoj steht für Eigenständigkeit &#8211; und für Musik, die nicht jedem gefallen will, sondern etwas auslöst.</p>
<p>Foto: Julia Scheibeck</p>
<p>······································<br />
<a href="https://www.thomasgodoj.de/" target="_blank">https://www.thomasgodoj.de//</a><br />
<a href="https://www.instagram.com/thomasgodoj" target="_blank">https://www.instagram.com/thomasgodoj</a><br />
<a href="https://www.facebook.com/ThomasGodoj/" target="_blank">https://www.facebook.com/ThomasGodoj/</a><br />
······································</p>
