{"id":15074,"date":"2026-03-04T13:43:14","date_gmt":"2026-03-04T12:43:14","guid":{"rendered":"https:\/\/www.f-haus.de\/cms\/?post_type=tribe_events&#038;p=15074"},"modified":"2026-03-04T15:20:20","modified_gmt":"2026-03-04T14:20:20","slug":"ralph-ruthe-090327","status":"publish","type":"tribe_events","link":"https:\/\/www.f-haus.de\/cms\/event\/ralph-ruthe-090327\/","title":{"rendered":"RALPH RUTHE<br>&#8222;Shit happens! Die (neue) Show&#8220;"},"content":{"rendered":"<p><b>RALPH RUTHE<\/b><br \/>\n<strong>Shit happens! Die (neue) Show<\/strong><\/p>\n<p>\u00b7\u00b7\u00b7\u00b7\u00b7\u00b7\u00b7\u00b7\u00b7\u00b7\u00b7\u00b7\u00b7\u00b7\u00b7\u00b7\u00b7\u00b7\u00b7\u00b7\u00b7\u00b7\u00b7\u00b7\u00b7\u00b7\u00b7\u00b7\u00b7\u00b7\u00b7\u00b7\u00b7\u00b7\u00b7\u00b7\u00b7\u00b7<br \/>\n18:30 Einlass, 19:30 Beginn<br \/>\nDie Veranstaltung ist voll bestuhlt.<br \/>\n&#x1f39f;&#xfe0f; | <a href=\"https:\/\/www.f-haus.de\/cms\/tickets-kaufen\/\">https:\/\/www.f-haus.de\/cms\/tickets-kaufen<\/a><br \/>\n\u00b7\u00b7\u00b7\u00b7\u00b7\u00b7\u00b7\u00b7\u00b7\u00b7\u00b7\u00b7\u00b7\u00b7\u00b7\u00b7\u00b7\u00b7\u00b7\u00b7\u00b7\u00b7\u00b7\u00b7\u00b7\u00b7\u00b7\u00b7\u00b7\u00b7\u00b7\u00b7\u00b7\u00b7\u00b7\u00b7\u00b7\u00b7<\/p>\n<p>Shit happens, again &#8211; Ralph Ruthe wieder auf Tour!<\/p>\n<p>Deutschlands erfolgreichster Cartoonist steht endlich wieder auf der B\u00fchne!<\/p>\n<p>Ein Cartoonist auf der B\u00fchne\u2026 Was macht der da? Das, was jeder gute Komiker auch tut: Menschen zum Lachen bringen!<\/p>\n<p>In seiner neuen Show verbindet Ralph Ruthe einzigartig Witzbilder, Animationsfilme, Lesung und Musik zu einer Live-Cartoon-Comedy-Show, oder einer Live-Comedy-Cartoon-Show.<\/p>\n<p>Er zeigt nur das Beste aus seinem Humor- und Figuren-Universum und ganz viel Neues, von kleinen Alltagsbeobachtungen bis hin zu gro\u00dfen politischen Zusammenh\u00e4ngen. Es wird Welt-Premieren brandneuer Folgen von Ruthes Erfolgsserien \u201eFlossen\u201c, \u201eHNO-WG\u201c, \u201eBiber und Baum\u201c und den \u201eWerbeparodien\u201c geben.<\/p>\n<p>Ruthe schafft es immer wieder, den allt\u00e4glichen Irrsinn pointiert, intelligent und schreiend komisch in einem Bild (oder Video) festzuhalten. Kein Cartoonist ver\u00f6ffentlicht in einer derart hohen Schlagzahl seit so langer Zeit so viel neues<br \/>\nMaterial.<\/p>\n<p>Dies spiegelt sich auch in den Verkaufszahlen seiner Bestseller-B\u00fccher wider. Millionen von PendlerInnen kennen seine Cartoons au\u00dferdem von den U-Bahn-Screens, aus dem Fernsehen (Auftritte bei Str\u00e4ter\/ARD und TV TOTAL\/Pro7).<\/p>\n<p>Auf seinen Social Media-Kan\u00e4len folgen ihm seit Jahren rund vier Millionen Fans.<\/p>\n<p>An Ralph Ruthe kommt man nicht vorbei und wer ihn jetzt auch live erleben m\u00f6chte, der hat bald ab Herbst 2025 endlich wieder Gelegenheit dazu&#8230; und mit etwas Geduld gibt es noch etwas ganz Besonderes dazu:<\/p>\n<p>Alle (!), die sich anstellen, bekommen eine von Ruthe pers\u00f6nlich gefertigte signierte Zeichnung&#8230;.<\/p>\n<p>Wir w\u00fcnschen jetzt schon viel Vergn\u00fcgen!<\/p>\n<p>Foto: Benjamin Janzen<\/p>\n<p>\u00b7\u00b7\u00b7\u00b7\u00b7\u00b7\u00b7\u00b7\u00b7\u00b7\u00b7\u00b7\u00b7\u00b7\u00b7\u00b7\u00b7\u00b7\u00b7\u00b7\u00b7\u00b7\u00b7\u00b7\u00b7\u00b7\u00b7\u00b7\u00b7\u00b7\u00b7\u00b7\u00b7\u00b7\u00b7\u00b7\u00b7\u00b7<\/p>\n<p><a href=\"http:\/\/www.ruthe.de\/\" target=\"_blank\">http:\/\/www.ruthe.de\/<\/a><\/p>\n","protected":false},"excerpt":{"rendered":"<p>18:30 Einlass, 19:30 Beginn<br \/>\n&#x1f39f;&#xfe0f; | <a href=\"https:\/\/www.f-haus.de\/cms\/tickets-kaufen\/\">Tickets hier kaufen<\/a><br \/>\n<BR><br \/>\n<BR><\/p>\n","protected":false},"author":1,"featured_media":15075,"template":"","meta":{"_kad_post_transparent":"","_kad_post_title":"","_kad_post_layout":"","_kad_post_sidebar_id":"","_kad_post_content_style":"","_kad_post_vertical_padding":"","_kad_post_feature":"","_kad_post_feature_position":"","_kad_post_header":false,"_kad_post_footer":false,"_kad_post_classname":"","_tribe_events_status":"","_tribe_events_status_reason":"","footnotes":""},"tags":[1147,651,288],"tribe_events_cat":[629],"class_list":["post-15074","tribe_events","type-tribe_events","status-publish","has-post-thumbnail","hentry","tag-cartoon","tag-comedy","tag-live","tribe_events_cat-comedy-lesung","cat_comedy-lesung"],"_links":{"self":[{"href":"https:\/\/www.f-haus.de\/cms\/wp-json\/wp\/v2\/tribe_events\/15074","targetHints":{"allow":["GET"]}}],"collection":[{"href":"https:\/\/www.f-haus.de\/cms\/wp-json\/wp\/v2\/tribe_events"}],"about":[{"href":"https:\/\/www.f-haus.de\/cms\/wp-json\/wp\/v2\/types\/tribe_events"}],"author":[{"embeddable":true,"href":"https:\/\/www.f-haus.de\/cms\/wp-json\/wp\/v2\/users\/1"}],"version-history":[{"count":5,"href":"https:\/\/www.f-haus.de\/cms\/wp-json\/wp\/v2\/tribe_events\/15074\/revisions"}],"predecessor-version":[{"id":15163,"href":"https:\/\/www.f-haus.de\/cms\/wp-json\/wp\/v2\/tribe_events\/15074\/revisions\/15163"}],"wp:featuredmedia":[{"embeddable":true,"href":"https:\/\/www.f-haus.de\/cms\/wp-json\/wp\/v2\/media\/15075"}],"wp:attachment":[{"href":"https:\/\/www.f-haus.de\/cms\/wp-json\/wp\/v2\/media?parent=15074"}],"wp:term":[{"taxonomy":"post_tag","embeddable":true,"href":"https:\/\/www.f-haus.de\/cms\/wp-json\/wp\/v2\/tags?post=15074"},{"taxonomy":"tribe_events_cat","embeddable":true,"href":"https:\/\/www.f-haus.de\/cms\/wp-json\/wp\/v2\/tribe_events_cat?post=15074"}],"curies":[{"name":"wp","href":"https:\/\/api.w.org\/{rel}","templated":true}]}}

<p><b>RALPH RUTHE</b><br />
<strong>Shit happens! Die (neue) Show</strong></p>
<p>······································<br />
18:30 Einlass, 19:30 Beginn<br />
Die Veranstaltung ist voll bestuhlt.<br />
&#x1f39f;&#xfe0f; | <a href="https://www.f-haus.de/cms/tickets-kaufen/">https://www.f-haus.de/cms/tickets-kaufen</a><br />
······································</p>
<p>Shit happens, again &#8211; Ralph Ruthe wieder auf Tour!</p>
<p>Deutschlands erfolgreichster Cartoonist steht endlich wieder auf der Bühne!</p>
<p>Ein Cartoonist auf der Bühne… Was macht der da? Das, was jeder gute Komiker auch tut: Menschen zum Lachen bringen!</p>
<p>In seiner neuen Show verbindet Ralph Ruthe einzigartig Witzbilder, Animationsfilme, Lesung und Musik zu einer Live-Cartoon-Comedy-Show, oder einer Live-Comedy-Cartoon-Show.</p>
<p>Er zeigt nur das Beste aus seinem Humor- und Figuren-Universum und ganz viel Neues, von kleinen Alltagsbeobachtungen bis hin zu großen politischen Zusammenhängen. Es wird Welt-Premieren brandneuer Folgen von Ruthes Erfolgsserien „Flossen“, „HNO-WG“, „Biber und Baum“ und den „Werbeparodien“ geben.</p>
<p>Ruthe schafft es immer wieder, den alltäglichen Irrsinn pointiert, intelligent und schreiend komisch in einem Bild (oder Video) festzuhalten. Kein Cartoonist veröffentlicht in einer derart hohen Schlagzahl seit so langer Zeit so viel neues<br />
Material.</p>
<p>Dies spiegelt sich auch in den Verkaufszahlen seiner Bestseller-Bücher wider. Millionen von PendlerInnen kennen seine Cartoons außerdem von den U-Bahn-Screens, aus dem Fernsehen (Auftritte bei Sträter/ARD und TV TOTAL/Pro7).</p>
<p>Auf seinen Social Media-Kanälen folgen ihm seit Jahren rund vier Millionen Fans.</p>
<p>An Ralph Ruthe kommt man nicht vorbei und wer ihn jetzt auch live erleben möchte, der hat bald ab Herbst 2025 endlich wieder Gelegenheit dazu&#8230; und mit etwas Geduld gibt es noch etwas ganz Besonderes dazu:</p>
<p>Alle (!), die sich anstellen, bekommen eine von Ruthe persönlich gefertigte signierte Zeichnung&#8230;.</p>
<p>Wir wünschen jetzt schon viel Vergnügen!</p>
<p>Foto: Benjamin Janzen</p>
<p>······································</p>
<p><a href="http://www.ruthe.de/" target="_blank">http://www.ruthe.de/</a></p>
