{"id":15122,"date":"2026-03-04T14:16:07","date_gmt":"2026-03-04T13:16:07","guid":{"rendered":"https:\/\/www.f-haus.de\/cms\/?post_type=tribe_events&#038;p=15122"},"modified":"2026-04-10T14:11:01","modified_gmt":"2026-04-10T12:11:01","slug":"roland-jankowsky-010327","status":"publish","type":"tribe_events","link":"https:\/\/www.f-haus.de\/cms\/event\/roland-jankowsky-010327\/","title":{"rendered":"ROLAND JANKOWSKY<br>\u201eDie kriminellen Geschichten des O\u2026\u201c"},"content":{"rendered":"<p>\u00b7\u00b7\u00b7\u00b7\u00b7\u00b7\u00b7\u00b7\u00b7\u00b7\u00b7\u00b7\u00b7\u00b7\u00b7\u00b7\u00b7\u00b7\u00b7\u00b7\u00b7\u00b7\u00b7\u00b7\u00b7\u00b7\u00b7\u00b7\u00b7\u00b7\u00b7\u00b7\u00b7\u00b7\u00b7\u00b7\u00b7\u00b7<\/p>\n<p><b>ROLAND JANKOWSKY<\/b><br \/>\n\u201eDie kriminellen Geschichten des O\u2026\u201c &#8211; Die Lesung<\/p>\n<p>\u00b7\u00b7\u00b7\u00b7\u00b7\u00b7\u00b7\u00b7\u00b7\u00b7\u00b7\u00b7\u00b7\u00b7\u00b7\u00b7\u00b7\u00b7\u00b7\u00b7\u00b7\u00b7\u00b7\u00b7\u00b7\u00b7\u00b7\u00b7\u00b7\u00b7\u00b7\u00b7\u00b7\u00b7\u00b7\u00b7\u00b7\u00b7<br \/>\n18:00 Einlass, 19:00 Beginn<br \/>\nDie Veranstaltung ist voll bestuhlt.<br \/>\n&#x1f39f;&#xfe0f; | <a href=\"https:\/\/www.f-haus.de\/cms\/tickets-kaufen\/\">https:\/\/www.f-haus.de\/cms\/tickets-kaufen<\/a><br \/>\n\u00b7\u00b7\u00b7\u00b7\u00b7\u00b7\u00b7\u00b7\u00b7\u00b7\u00b7\u00b7\u00b7\u00b7\u00b7\u00b7\u00b7\u00b7\u00b7\u00b7\u00b7\u00b7\u00b7\u00b7\u00b7\u00b7\u00b7\u00b7\u00b7\u00b7\u00b7\u00b7\u00b7\u00b7\u00b7\u00b7\u00b7\u00b7<\/p>\n<p>TV-Darsteller Roland Jankowsky mit schr\u00e4g-kriminellen Shortstories<\/p>\n<p>Seit Jahren kennt man Roland Jankowsky aus verschiedenen TV-Formaten. Wenn es zeitlich passt, verschl\u00e4gt es ihn auch immer wieder auf die B\u00fchne und ins Studio. Theater, Chansons, Lesungen und H\u00f6rspiele \u2013 Jankowsky ist breit aufgestellt.<br \/>\nEs ist nicht zuletzt sein manchmal etwas sonderbarer Kommissar Overbeck, der die ZDF-Krimireihe \u201eWilsberg\u201c in den Kultstatus erhob und sich einer gro\u00dfen, immer noch wachsenden Fangemeinde erfreut &#8211; trotz der vielen Fettn\u00e4pfchen, in die er tritt.<br \/>\nIn seiner Lesung l\u00e4sst er diese jedoch tunlichst aus.<\/p>\n<p>Ausgestattet mit langj\u00e4hriger Erfahrung als Radiosprecher und Vorleser, tr\u00e4gt Roland Jankowsky ausgew\u00e4hlte \u201ekriminelle\u201c Kurzgeschichten vor. Sein \u201eAlter Ego\u201c scheint auch in diesem Genre pr\u00e4sent, sitzt \u201euneingeladen\u201c am Lesetisch und kommentiert den Vortrag mit origineller K\u00f6rpersprache, gelegentlichen Querverweisen und Bonmonts. Ein subtiles, f\u00fcr den Zuschauer sehr unterhaltsam zu beobachtendes Spiel zwischen Vorleser und Schauspieler entwickelt sich und macht Jankowskys Lesungen zu einem augenzwinkernden, spa\u00dfigen Erlebnis. Der K\u00f6lner Schauspieler ist ein exzellenter Vorleser und seine Lesekunst verspricht allerbeste Unterhaltung.<\/p>\n<p>-Roland Jakowsky ist der von den Zuschauern gew\u00e4hlte \u00b4Coolste TV-Kommissar Deutschlands 2018 \u201e\u2026den finalen Dreh gab Jankowsky. Die Stimme klar und deutlich, wie gemacht f\u00fcr ein H\u00f6rbuch. Lokalkolorit durch Akzente, ein paar kleine feine Gesten, die den Humor unterstreichen \u2013 Jankowsky bietet einen der stimmungsvollsten<br \/>\nAbende des Gie\u00dfener Krimifestivals.\u201c (Gie\u00dfener Allgemeine)\u201c<\/p>\n<p>\u201e\u2026Auch bei brutalen Szenen wird heftig gelacht\u2026 Die Dialekte, die er dabei imitiert, versetzen in die Regionen der Geschichte der verschiedenen Autoren. Diese liest er nicht nur, sondern spielt sie auf der B\u00fchne und verk\u00f6rpert die Personen regelrecht.\u201c (Trierischer Volksfreund)<\/p>\n<p>\u00b7\u00b7\u00b7\u00b7\u00b7\u00b7\u00b7\u00b7\u00b7\u00b7\u00b7\u00b7\u00b7\u00b7\u00b7\u00b7\u00b7\u00b7\u00b7\u00b7\u00b7\u00b7\u00b7\u00b7\u00b7\u00b7\u00b7\u00b7\u00b7\u00b7\u00b7\u00b7\u00b7\u00b7\u00b7\u00b7\u00b7\u00b7<br \/>\n<a href=\"https:\/\/www.rolandjankowsky.de\/\" target=\"_blank\">https:\/\/www.rolandjankowsky.de\/<\/a><br \/>\n\u00b7\u00b7\u00b7\u00b7\u00b7\u00b7\u00b7\u00b7\u00b7\u00b7\u00b7\u00b7\u00b7\u00b7\u00b7\u00b7\u00b7\u00b7\u00b7\u00b7\u00b7\u00b7\u00b7\u00b7\u00b7\u00b7\u00b7\u00b7\u00b7\u00b7\u00b7\u00b7\u00b7\u00b7\u00b7\u00b7\u00b7\u00b7<\/p>\n","protected":false},"excerpt":{"rendered":"<p>18:00 Einlass, 19:00 Beginn<br \/>\n&#x1f39f;&#xfe0f; | <a href=\"https:\/\/www.f-haus.de\/cms\/tickets-kaufen\/\">Tickets hier kaufen<\/a><br \/>\n<BR><br \/>\n<BR><\/p>\n","protected":false},"author":1,"featured_media":15123,"template":"","meta":{"_kad_post_transparent":"","_kad_post_title":"","_kad_post_layout":"","_kad_post_sidebar_id":"","_kad_post_content_style":"","_kad_post_vertical_padding":"","_kad_post_feature":"","_kad_post_feature_position":"","_kad_post_header":false,"_kad_post_footer":false,"_kad_post_classname":"","_tribe_events_status":"","_tribe_events_status_reason":"","footnotes":""},"tags":[1140,698,288,754],"tribe_events_cat":[1160],"class_list":["post-15122","tribe_events","type-tribe_events","status-publish","has-post-thumbnail","hentry","tag-kriminologie","tag-lesung","tag-live","tag-vortrag","tribe_events_cat-lesung-vortrag","cat_lesung-vortrag"],"_links":{"self":[{"href":"https:\/\/www.f-haus.de\/cms\/wp-json\/wp\/v2\/tribe_events\/15122","targetHints":{"allow":["GET"]}}],"collection":[{"href":"https:\/\/www.f-haus.de\/cms\/wp-json\/wp\/v2\/tribe_events"}],"about":[{"href":"https:\/\/www.f-haus.de\/cms\/wp-json\/wp\/v2\/types\/tribe_events"}],"author":[{"embeddable":true,"href":"https:\/\/www.f-haus.de\/cms\/wp-json\/wp\/v2\/users\/1"}],"version-history":[{"count":3,"href":"https:\/\/www.f-haus.de\/cms\/wp-json\/wp\/v2\/tribe_events\/15122\/revisions"}],"predecessor-version":[{"id":15164,"href":"https:\/\/www.f-haus.de\/cms\/wp-json\/wp\/v2\/tribe_events\/15122\/revisions\/15164"}],"wp:featuredmedia":[{"embeddable":true,"href":"https:\/\/www.f-haus.de\/cms\/wp-json\/wp\/v2\/media\/15123"}],"wp:attachment":[{"href":"https:\/\/www.f-haus.de\/cms\/wp-json\/wp\/v2\/media?parent=15122"}],"wp:term":[{"taxonomy":"post_tag","embeddable":true,"href":"https:\/\/www.f-haus.de\/cms\/wp-json\/wp\/v2\/tags?post=15122"},{"taxonomy":"tribe_events_cat","embeddable":true,"href":"https:\/\/www.f-haus.de\/cms\/wp-json\/wp\/v2\/tribe_events_cat?post=15122"}],"curies":[{"name":"wp","href":"https:\/\/api.w.org\/{rel}","templated":true}]}}

<p>······································</p>
<p><b>ROLAND JANKOWSKY</b><br />
„Die kriminellen Geschichten des O…“ &#8211; Die Lesung</p>
<p>······································<br />
18:00 Einlass, 19:00 Beginn<br />
Die Veranstaltung ist voll bestuhlt.<br />
&#x1f39f;&#xfe0f; | <a href="https://www.f-haus.de/cms/tickets-kaufen/">https://www.f-haus.de/cms/tickets-kaufen</a><br />
······································</p>
<p>TV-Darsteller Roland Jankowsky mit schräg-kriminellen Shortstories</p>
<p>Seit Jahren kennt man Roland Jankowsky aus verschiedenen TV-Formaten. Wenn es zeitlich passt, verschlägt es ihn auch immer wieder auf die Bühne und ins Studio. Theater, Chansons, Lesungen und Hörspiele – Jankowsky ist breit aufgestellt.<br />
Es ist nicht zuletzt sein manchmal etwas sonderbarer Kommissar Overbeck, der die ZDF-Krimireihe „Wilsberg“ in den Kultstatus erhob und sich einer großen, immer noch wachsenden Fangemeinde erfreut &#8211; trotz der vielen Fettnäpfchen, in die er tritt.<br />
In seiner Lesung lässt er diese jedoch tunlichst aus.</p>
<p>Ausgestattet mit langjähriger Erfahrung als Radiosprecher und Vorleser, trägt Roland Jankowsky ausgewählte „kriminelle“ Kurzgeschichten vor. Sein „Alter Ego“ scheint auch in diesem Genre präsent, sitzt „uneingeladen“ am Lesetisch und kommentiert den Vortrag mit origineller Körpersprache, gelegentlichen Querverweisen und Bonmonts. Ein subtiles, für den Zuschauer sehr unterhaltsam zu beobachtendes Spiel zwischen Vorleser und Schauspieler entwickelt sich und macht Jankowskys Lesungen zu einem augenzwinkernden, spaßigen Erlebnis. Der Kölner Schauspieler ist ein exzellenter Vorleser und seine Lesekunst verspricht allerbeste Unterhaltung.</p>
<p>-Roland Jakowsky ist der von den Zuschauern gewählte ´Coolste TV-Kommissar Deutschlands 2018 „…den finalen Dreh gab Jankowsky. Die Stimme klar und deutlich, wie gemacht für ein Hörbuch. Lokalkolorit durch Akzente, ein paar kleine feine Gesten, die den Humor unterstreichen – Jankowsky bietet einen der stimmungsvollsten<br />
Abende des Gießener Krimifestivals.“ (Gießener Allgemeine)“</p>
<p>„…Auch bei brutalen Szenen wird heftig gelacht… Die Dialekte, die er dabei imitiert, versetzen in die Regionen der Geschichte der verschiedenen Autoren. Diese liest er nicht nur, sondern spielt sie auf der Bühne und verkörpert die Personen regelrecht.“ (Trierischer Volksfreund)</p>
<p>······································<br />
<a href="https://www.rolandjankowsky.de/" target="_blank">https://www.rolandjankowsky.de/</a><br />
······································</p>
