{"id":15151,"date":"2026-03-04T15:04:02","date_gmt":"2026-03-04T14:04:02","guid":{"rendered":"https:\/\/www.f-haus.de\/cms\/?post_type=tribe_events&#038;p=15151"},"modified":"2026-03-04T15:19:07","modified_gmt":"2026-03-04T14:19:07","slug":"marc-weide-magier-des-monats-201027","status":"publish","type":"tribe_events","link":"https:\/\/www.f-haus.de\/cms\/event\/marc-weide-magier-des-monats-201027\/","title":{"rendered":"MARC WEIDE<br>&#8222;Magier des Monats&#8220;"},"content":{"rendered":"<p><b>MARC WEIDE<\/b><br \/>\n<strong>&#8222;Magier des Monats&#8220;<\/strong><\/p>\n<p>\u00b7\u00b7\u00b7\u00b7\u00b7\u00b7\u00b7\u00b7\u00b7\u00b7\u00b7\u00b7\u00b7\u00b7\u00b7\u00b7\u00b7\u00b7\u00b7\u00b7\u00b7\u00b7\u00b7\u00b7\u00b7\u00b7\u00b7\u00b7\u00b7\u00b7\u00b7\u00b7\u00b7\u00b7\u00b7\u00b7\u00b7\u00b7<br \/>\n17:00 Einlass, 18:00 Beginn<br \/>\nDie Veranstaltung ist voll bestuhlt<br \/>\n&#x1f39f;&#xfe0f; | <a href=\"https:\/\/www.f-haus.de\/cms\/tickets-kaufen\/\">https:\/\/www.f-haus.de\/cms\/tickets-kaufen<\/a><br \/>\n\u00b7\u00b7\u00b7\u00b7\u00b7\u00b7\u00b7\u00b7\u00b7\u00b7\u00b7\u00b7\u00b7\u00b7\u00b7\u00b7\u00b7\u00b7\u00b7\u00b7\u00b7\u00b7\u00b7\u00b7\u00b7\u00b7\u00b7\u00b7\u00b7\u00b7\u00b7\u00b7\u00b7\u00b7\u00b7\u00b7\u00b7\u00b7<\/p>\n<p>Comedy meets Magic! In seinem Programm &#8222;Magier des Monats&#8220; zeigt Marc Weide, Weltmeister der Zauberkunst, warum er nicht nur zaubern, sondern auch begeistern kann.<\/p>\n<p>Mit verbl\u00fcffenden Tricks, schlagfertigem Humor und jeder Menge \u00dcberraschungen sorgt er f\u00fcr einen Abend voller Staunen und Lachen.<\/p>\n<p>Clever. Witzig. Unfassbar magisch. Nicht verpassen!<\/p>\n<p>Ein Abend voller Wow-Momente.<\/p>\n<p>Fotos: Sichtbarkeitsexperten Wolf<br \/>\n\u00b7\u00b7\u00b7\u00b7\u00b7\u00b7\u00b7\u00b7\u00b7\u00b7\u00b7\u00b7\u00b7\u00b7\u00b7\u00b7\u00b7\u00b7\u00b7\u00b7\u00b7\u00b7\u00b7\u00b7\u00b7\u00b7\u00b7\u00b7\u00b7\u00b7\u00b7\u00b7\u00b7\u00b7\u00b7\u00b7\u00b7\u00b7<\/p>\n<p><a href=\"http:\/\/www.marc-weide.de\/\" target=\"_blank\">http:\/\/www.marc-weide.de\/<\/a><\/p>\n","protected":false},"excerpt":{"rendered":"<p>17:00 Einlass, 18:00 Beginn<br \/>\n&#x1f39f;&#xfe0f; | <a href=\"https:\/\/www.f-haus.de\/cms\/tickets-kaufen\/\">Tickets hier kaufen<\/a><br \/>\n<BR><br \/>\n<BR><\/p>\n","protected":false},"author":1,"featured_media":15152,"template":"","meta":{"_kad_post_transparent":"","_kad_post_title":"","_kad_post_layout":"","_kad_post_sidebar_id":"","_kad_post_content_style":"","_kad_post_vertical_padding":"","_kad_post_feature":"","_kad_post_feature_position":"","_kad_post_header":false,"_kad_post_footer":false,"_kad_post_classname":"","_tribe_events_status":"","_tribe_events_status_reason":"","footnotes":""},"tags":[651,288,1150,1149],"tribe_events_cat":[629],"class_list":["post-15151","tribe_events","type-tribe_events","status-publish","has-post-thumbnail","hentry","tag-comedy","tag-live","tag-magic","tag-zauberei","tribe_events_cat-comedy-lesung","cat_comedy-lesung"],"_links":{"self":[{"href":"https:\/\/www.f-haus.de\/cms\/wp-json\/wp\/v2\/tribe_events\/15151","targetHints":{"allow":["GET"]}}],"collection":[{"href":"https:\/\/www.f-haus.de\/cms\/wp-json\/wp\/v2\/tribe_events"}],"about":[{"href":"https:\/\/www.f-haus.de\/cms\/wp-json\/wp\/v2\/types\/tribe_events"}],"author":[{"embeddable":true,"href":"https:\/\/www.f-haus.de\/cms\/wp-json\/wp\/v2\/users\/1"}],"version-history":[{"count":2,"href":"https:\/\/www.f-haus.de\/cms\/wp-json\/wp\/v2\/tribe_events\/15151\/revisions"}],"predecessor-version":[{"id":15158,"href":"https:\/\/www.f-haus.de\/cms\/wp-json\/wp\/v2\/tribe_events\/15151\/revisions\/15158"}],"wp:featuredmedia":[{"embeddable":true,"href":"https:\/\/www.f-haus.de\/cms\/wp-json\/wp\/v2\/media\/15152"}],"wp:attachment":[{"href":"https:\/\/www.f-haus.de\/cms\/wp-json\/wp\/v2\/media?parent=15151"}],"wp:term":[{"taxonomy":"post_tag","embeddable":true,"href":"https:\/\/www.f-haus.de\/cms\/wp-json\/wp\/v2\/tags?post=15151"},{"taxonomy":"tribe_events_cat","embeddable":true,"href":"https:\/\/www.f-haus.de\/cms\/wp-json\/wp\/v2\/tribe_events_cat?post=15151"}],"curies":[{"name":"wp","href":"https:\/\/api.w.org\/{rel}","templated":true}]}}

<p><b>MARC WEIDE</b><br />
<strong>&#8222;Magier des Monats&#8220;</strong></p>
<p>······································<br />
17:00 Einlass, 18:00 Beginn<br />
Die Veranstaltung ist voll bestuhlt<br />
&#x1f39f;&#xfe0f; | <a href="https://www.f-haus.de/cms/tickets-kaufen/">https://www.f-haus.de/cms/tickets-kaufen</a><br />
······································</p>
<p>Comedy meets Magic! In seinem Programm &#8222;Magier des Monats&#8220; zeigt Marc Weide, Weltmeister der Zauberkunst, warum er nicht nur zaubern, sondern auch begeistern kann.</p>
<p>Mit verblüffenden Tricks, schlagfertigem Humor und jeder Menge Überraschungen sorgt er für einen Abend voller Staunen und Lachen.</p>
<p>Clever. Witzig. Unfassbar magisch. Nicht verpassen!</p>
<p>Ein Abend voller Wow-Momente.</p>
<p>Fotos: Sichtbarkeitsexperten Wolf<br />
······································</p>
<p><a href="http://www.marc-weide.de/" target="_blank">http://www.marc-weide.de/</a></p>
