{"id":15154,"date":"2026-03-04T15:15:33","date_gmt":"2026-03-04T14:15:33","guid":{"rendered":"https:\/\/www.f-haus.de\/cms\/?post_type=tribe_events&#038;p=15154"},"modified":"2026-04-10T14:01:40","modified_gmt":"2026-04-10T12:01:40","slug":"simon-staeblein-absolute-frechheit-171127","status":"publish","type":"tribe_events","link":"https:\/\/www.f-haus.de\/cms\/event\/simon-staeblein-absolute-frechheit-171127\/","title":{"rendered":"SIMON ST\u00c4BLEIN<br>&#8222;Absolute Frechheit&#8220;"},"content":{"rendered":"<p><b>SIMON ST\u00c4BLEIN<\/b><br \/>\n<strong>&#8222;Absolute Frechheit&#8220;<\/strong><\/p>\n<p>\u00b7\u00b7\u00b7\u00b7\u00b7\u00b7\u00b7\u00b7\u00b7\u00b7\u00b7\u00b7\u00b7\u00b7\u00b7\u00b7\u00b7\u00b7\u00b7\u00b7\u00b7\u00b7\u00b7\u00b7\u00b7\u00b7\u00b7\u00b7\u00b7\u00b7\u00b7\u00b7\u00b7\u00b7\u00b7\u00b7\u00b7\u00b7<br \/>\n18:30 Einlass, 19:30 Beginn<br \/>\nDie Veranstaltung ist voll bestuhlt<br \/>\n&#x1f39f;&#xfe0f; | <a href=\"https:\/\/www.f-haus.de\/cms\/tickets-kaufen\/\">https:\/\/www.f-haus.de\/cms\/tickets-kaufen<\/a><br \/>\n\u00b7\u00b7\u00b7\u00b7\u00b7\u00b7\u00b7\u00b7\u00b7\u00b7\u00b7\u00b7\u00b7\u00b7\u00b7\u00b7\u00b7\u00b7\u00b7\u00b7\u00b7\u00b7\u00b7\u00b7\u00b7\u00b7\u00b7\u00b7\u00b7\u00b7\u00b7\u00b7\u00b7\u00b7\u00b7\u00b7\u00b7\u00b7<\/p>\n<p>Simon, der in der Presse als gemeinster Comedian des Landes bezeichnet wird, betrachtet sich selbst eher als den realistischsten Comedian. Er nimmt in seinem dritten Soloprogramm das Leben und all seine H\u00f6hen und Tiefen auf humorvolle Weise unter die Lupe. Er erz\u00e4hlt von seinem eigenen Scheitern, seinen Marotten und Eigenheiten, aber auch von seinen Strategien, wie er den allt\u00e4glichen \u00c4rger und Frust in etwas Unterhaltsames verwandelt. In seinem Programm geht es um Themen wie unu\u0308berbru\u0308ckbare Differenzen in der Ehe, Sprachbarrieren beim Mediationswochenende und die absolute Verzweiflung auf der eigenen Baustelle. Simon ist bekannt dafu\u0308r, ehrlich zu sein und sich nicht davor zu scheuen, unangenehme Themen anzusprechen und in alle Richtungen auszuteilen. Am Ende der Show, wenn du immer noch vor Lachen in Tr\u00e4nen liegst, erinnert Simon dich daran, die Mu\u0308lltrennung zu beachten, denn schlie\u00dflich befindet ihr euch immer noch in Deutschland.<\/p>\n<p>Foto: Joshua A. Hoffmann<\/p>\n<p>\u00b7\u00b7\u00b7\u00b7\u00b7\u00b7\u00b7\u00b7\u00b7\u00b7\u00b7\u00b7\u00b7\u00b7\u00b7\u00b7\u00b7\u00b7\u00b7\u00b7\u00b7\u00b7\u00b7\u00b7\u00b7\u00b7\u00b7\u00b7\u00b7\u00b7\u00b7\u00b7\u00b7\u00b7\u00b7\u00b7\u00b7\u00b7<\/p>\n<p><a href=\"http:\/\/simonstaeblein.de\/\" target=\"_blank\">http:\/\/simonstaeblein.de\/<\/a><\/p>\n","protected":false},"excerpt":{"rendered":"<p>18:30 Einlass, 19:30 Beginn<br \/>\n&#x1f39f;&#xfe0f; | <a href=\"https:\/\/www.f-haus.de\/cms\/tickets-kaufen\/\">Tickets hier kaufen<\/a><br \/>\n<BR><br \/>\n<BR><\/p>\n","protected":false},"author":1,"featured_media":15155,"template":"","meta":{"_kad_post_transparent":"","_kad_post_title":"","_kad_post_layout":"","_kad_post_sidebar_id":"","_kad_post_content_style":"","_kad_post_vertical_padding":"","_kad_post_feature":"","_kad_post_feature_position":"","_kad_post_header":false,"_kad_post_footer":false,"_kad_post_classname":"","_tribe_events_status":"","_tribe_events_status_reason":"","footnotes":""},"tags":[651,288],"tribe_events_cat":[629],"class_list":["post-15154","tribe_events","type-tribe_events","status-publish","has-post-thumbnail","hentry","tag-comedy","tag-live","tribe_events_cat-comedy-lesung","cat_comedy-lesung"],"_links":{"self":[{"href":"https:\/\/www.f-haus.de\/cms\/wp-json\/wp\/v2\/tribe_events\/15154","targetHints":{"allow":["GET"]}}],"collection":[{"href":"https:\/\/www.f-haus.de\/cms\/wp-json\/wp\/v2\/tribe_events"}],"about":[{"href":"https:\/\/www.f-haus.de\/cms\/wp-json\/wp\/v2\/types\/tribe_events"}],"author":[{"embeddable":true,"href":"https:\/\/www.f-haus.de\/cms\/wp-json\/wp\/v2\/users\/1"}],"version-history":[{"count":2,"href":"https:\/\/www.f-haus.de\/cms\/wp-json\/wp\/v2\/tribe_events\/15154\/revisions"}],"predecessor-version":[{"id":15157,"href":"https:\/\/www.f-haus.de\/cms\/wp-json\/wp\/v2\/tribe_events\/15154\/revisions\/15157"}],"wp:featuredmedia":[{"embeddable":true,"href":"https:\/\/www.f-haus.de\/cms\/wp-json\/wp\/v2\/media\/15155"}],"wp:attachment":[{"href":"https:\/\/www.f-haus.de\/cms\/wp-json\/wp\/v2\/media?parent=15154"}],"wp:term":[{"taxonomy":"post_tag","embeddable":true,"href":"https:\/\/www.f-haus.de\/cms\/wp-json\/wp\/v2\/tags?post=15154"},{"taxonomy":"tribe_events_cat","embeddable":true,"href":"https:\/\/www.f-haus.de\/cms\/wp-json\/wp\/v2\/tribe_events_cat?post=15154"}],"curies":[{"name":"wp","href":"https:\/\/api.w.org\/{rel}","templated":true}]}}

SIMON STÄBLEIN<br>&#8222;Absolute Frechheit&#8220;

<p><b>SIMON STÄBLEIN</b><br />
<strong>&#8222;Absolute Frechheit&#8220;</strong></p>
<p>······································<br />
18:30 Einlass, 19:30 Beginn<br />
Die Veranstaltung ist voll bestuhlt<br />
&#x1f39f;&#xfe0f; | <a href="https://www.f-haus.de/cms/tickets-kaufen/">https://www.f-haus.de/cms/tickets-kaufen</a><br />
······································</p>
<p>Simon, der in der Presse als gemeinster Comedian des Landes bezeichnet wird, betrachtet sich selbst eher als den realistischsten Comedian. Er nimmt in seinem dritten Soloprogramm das Leben und all seine Höhen und Tiefen auf humorvolle Weise unter die Lupe. Er erzählt von seinem eigenen Scheitern, seinen Marotten und Eigenheiten, aber auch von seinen Strategien, wie er den alltäglichen Ärger und Frust in etwas Unterhaltsames verwandelt. In seinem Programm geht es um Themen wie unüberbrückbare Differenzen in der Ehe, Sprachbarrieren beim Mediationswochenende und die absolute Verzweiflung auf der eigenen Baustelle. Simon ist bekannt dafür, ehrlich zu sein und sich nicht davor zu scheuen, unangenehme Themen anzusprechen und in alle Richtungen auszuteilen. Am Ende der Show, wenn du immer noch vor Lachen in Tränen liegst, erinnert Simon dich daran, die Mülltrennung zu beachten, denn schließlich befindet ihr euch immer noch in Deutschland.</p>
<p>Foto: Joshua A. Hoffmann</p>
<p>······································</p>
<p><a href="http://simonstaeblein.de/" target="_blank">http://simonstaeblein.de/</a></p>
