{"id":15184,"date":"2026-03-06T13:58:05","date_gmt":"2026-03-06T12:58:05","guid":{"rendered":"https:\/\/www.f-haus.de\/cms\/?post_type=tribe_events&#038;p=15184"},"modified":"2026-03-06T13:58:05","modified_gmt":"2026-03-06T12:58:05","slug":"the-acdcs-090127","status":"publish","type":"tribe_events","link":"https:\/\/www.f-haus.de\/cms\/event\/the-acdcs-090127\/","title":{"rendered":"The ACDCs &#8211; a tribute to AC\/DC"},"content":{"rendered":"<p><b>The ACDCs<\/b> &#8211; a tribute to AC\/DC<\/p>\n<p>\u00b7\u00b7\u00b7\u00b7\u00b7\u00b7\u00b7\u00b7\u00b7\u00b7\u00b7\u00b7\u00b7\u00b7\u00b7\u00b7\u00b7\u00b7\u00b7\u00b7\u00b7\u00b7\u00b7\u00b7\u00b7\u00b7\u00b7\u00b7\u00b7\u00b7\u00b7\u00b7\u00b7\u00b7\u00b7\u00b7\u00b7\u00b7<br \/>\n19:00 Einlass, 20:00 Beginn<br \/>\n&#x1f39f;&#xfe0f; | <a href=\"https:\/\/www.f-haus.de\/cms\/tickets-kaufen\/\">https:\/\/www.f-haus.de\/cms\/tickets-kaufen<\/a><br \/>\n\u00b7\u00b7\u00b7\u00b7\u00b7\u00b7\u00b7\u00b7\u00b7\u00b7\u00b7\u00b7\u00b7\u00b7\u00b7\u00b7\u00b7\u00b7\u00b7\u00b7\u00b7\u00b7\u00b7\u00b7\u00b7\u00b7\u00b7\u00b7\u00b7\u00b7\u00b7\u00b7\u00b7\u00b7\u00b7\u00b7\u00b7\u00b7<\/p>\n<p>THE AC\/DCs TRIBUTE BAND &#8211; Rock &#8217;n&#8216; Roll pur und live &#8211; ein einmaliges und mitrei\u00dfendes Erlebnis!<\/p>\n<p>Rock&#8217;n&#8217;Roll muss man sp\u00fcren! Nur Live auf der B\u00fchne entfesselt diese Musik ihre urw\u00fcchsige, brachiale Kraft.<\/p>\n<p>The AC\/DCs Tribute Band erschaffen mit ihrer energiegeladenen Performance und ihrem authentischen Sound eine unvergleichliche Stimmung auf ihren Konzerten. Bekannt f\u00fcr ihre leidenschaftliche B\u00fchnenshow, nehmen die f\u00fcnf Musiker aus Berlin die Fans mit auf eine emotionale und stimmungsvolle Zeitreise durch f\u00fcnf Jahrzehnte &#8211; ein Streifzug durch die Geschichte von AC\/DC.<\/p>\n<p>Leadgitarristin Sara fegt in Schuluniform \u00fcber die B\u00fchne und entfacht mit ihren messerscharfen und eindringlichen Soli das Feuer, welches mit den knalligen Riffs von Rhythmusgitarrist Zolt\u00e1n uner\u00adm\u00fcdlich am Brennen gehalten wird. Bassist Lasse und Drummer Dennis sorgen f\u00fcr ordentlich Druck, der urtypisch f\u00fcr den AC\/DC-Sound ist.<\/p>\n<p>Nichtzuletzt die markante, schneidende Stimme des S\u00e4ngers Matze l\u00e4sst die Fans in Erinnerung an den verstorbenen S\u00e4nger Bon Scott schwelgen, wobei er es erstaunlich gut schafft auch die h\u00f6chsten Register eines Brian Johnson zu erreichen. Rock at it\u2019s best!<\/p>\n<p>Mehrfach wurde der Band schon bescheinigt, verdammt nah am Original zu sein! High Voltage Rock\u2019n\u2019Roll<\/p>\n<p>Foto: Reiner Topel<\/p>\n<p>\u00b7\u00b7\u00b7\u00b7\u00b7\u00b7\u00b7\u00b7\u00b7\u00b7\u00b7\u00b7\u00b7\u00b7\u00b7\u00b7\u00b7\u00b7\u00b7\u00b7\u00b7\u00b7\u00b7\u00b7\u00b7\u00b7\u00b7\u00b7\u00b7\u00b7\u00b7\u00b7\u00b7\u00b7\u00b7\u00b7\u00b7\u00b7<br \/>\n<a href=\"https:\/\/www.acdcs.de\/\" target=\"_blank\">https:\/\/www.acdcs.de\/<\/a><br \/>\n<a href=\"https:\/\/www.instagram.com\/theacdcstributeband\" target=\"_blank\">https:\/\/www.instagram.com\/theacdcstributeband<\/a><br \/>\n<a href=\"https:\/\/www.facebook.com\/theacdcs\" target=\"_blank\">https:\/\/www.facebook.com\/theacdcs<\/a><br \/>\n\u00b7\u00b7\u00b7\u00b7\u00b7\u00b7\u00b7\u00b7\u00b7\u00b7\u00b7\u00b7\u00b7\u00b7\u00b7\u00b7\u00b7\u00b7\u00b7\u00b7\u00b7\u00b7\u00b7\u00b7\u00b7\u00b7\u00b7\u00b7\u00b7\u00b7\u00b7\u00b7\u00b7\u00b7\u00b7\u00b7\u00b7\u00b7<\/p>\n<p><iframe loading=\"lazy\" width=\"1071\" height=\"602\" src=\"https:\/\/www.youtube.com\/embed\/bKUJh-lRuYY\" title=\"Trailer - THE AC\/DCs TRIBUTE BAND\" frameborder=\"0\" allow=\"accelerometer; autoplay; clipboard-write; encrypted-media; gyroscope; picture-in-picture; web-share\" referrerpolicy=\"strict-origin-when-cross-origin\" allowfullscreen><\/iframe><br \/>\n<iframe loading=\"lazy\" width=\"1071\" height=\"602\" src=\"https:\/\/www.youtube.com\/embed\/xYwWg4cAPHU\" title=\"THE ACDCs TRIBUTE BAND  - HellsBells live@Race61 2024\" frameborder=\"0\" allow=\"accelerometer; autoplay; clipboard-write; encrypted-media; gyroscope; picture-in-picture; web-share\" referrerpolicy=\"strict-origin-when-cross-origin\" allowfullscreen><\/iframe><br \/>\n<iframe loading=\"lazy\" width=\"1071\" height=\"602\" src=\"https:\/\/www.youtube.com\/embed\/nmDPUh0rd-Q\" title=\"The ACDCs Tribute Band - Rock&#39;n&#39;Roll Damnation Live\" frameborder=\"0\" allow=\"accelerometer; autoplay; clipboard-write; encrypted-media; gyroscope; picture-in-picture; web-share\" referrerpolicy=\"strict-origin-when-cross-origin\" allowfullscreen><\/iframe><\/p>\n","protected":false},"excerpt":{"rendered":"<p>19:00 Einlass, 20:00 Beginn<br \/>\n&#x1f39f;&#xfe0f; | <a href=\"https:\/\/www.f-haus.de\/cms\/tickets-kaufen\/\">Tickets hier kaufen<\/a><br \/>\n<BR><br \/>\n<BR><\/p>\n","protected":false},"author":1,"featured_media":14156,"template":"","meta":{"_kad_post_transparent":"","_kad_post_title":"","_kad_post_layout":"","_kad_post_sidebar_id":"","_kad_post_content_style":"","_kad_post_vertical_padding":"","_kad_post_feature":"","_kad_post_feature_position":"","_kad_post_header":false,"_kad_post_footer":false,"_kad_post_classname":"","_tribe_events_status":"","_tribe_events_status_reason":"","footnotes":""},"tags":[676,15,288,641,696],"tribe_events_cat":[633],"class_list":["post-15184","tribe_events","type-tribe_events","status-publish","has-post-thumbnail","hentry","tag-hard-rock","tag-konzert","tag-live","tag-metal","tag-tribute","tribe_events_cat-konzert","cat_konzert"],"_links":{"self":[{"href":"https:\/\/www.f-haus.de\/cms\/wp-json\/wp\/v2\/tribe_events\/15184","targetHints":{"allow":["GET"]}}],"collection":[{"href":"https:\/\/www.f-haus.de\/cms\/wp-json\/wp\/v2\/tribe_events"}],"about":[{"href":"https:\/\/www.f-haus.de\/cms\/wp-json\/wp\/v2\/types\/tribe_events"}],"author":[{"embeddable":true,"href":"https:\/\/www.f-haus.de\/cms\/wp-json\/wp\/v2\/users\/1"}],"version-history":[{"count":1,"href":"https:\/\/www.f-haus.de\/cms\/wp-json\/wp\/v2\/tribe_events\/15184\/revisions"}],"predecessor-version":[{"id":15185,"href":"https:\/\/www.f-haus.de\/cms\/wp-json\/wp\/v2\/tribe_events\/15184\/revisions\/15185"}],"wp:featuredmedia":[{"embeddable":true,"href":"https:\/\/www.f-haus.de\/cms\/wp-json\/wp\/v2\/media\/14156"}],"wp:attachment":[{"href":"https:\/\/www.f-haus.de\/cms\/wp-json\/wp\/v2\/media?parent=15184"}],"wp:term":[{"taxonomy":"post_tag","embeddable":true,"href":"https:\/\/www.f-haus.de\/cms\/wp-json\/wp\/v2\/tags?post=15184"},{"taxonomy":"tribe_events_cat","embeddable":true,"href":"https:\/\/www.f-haus.de\/cms\/wp-json\/wp\/v2\/tribe_events_cat?post=15184"}],"curies":[{"name":"wp","href":"https:\/\/api.w.org\/{rel}","templated":true}]}}

<p><b>The ACDCs</b> &#8211; a tribute to AC/DC</p>
<p>······································<br />
19:00 Einlass, 20:00 Beginn<br />
&#x1f39f;&#xfe0f; | <a href="https://www.f-haus.de/cms/tickets-kaufen/">https://www.f-haus.de/cms/tickets-kaufen</a><br />
······································</p>
<p>THE AC/DCs TRIBUTE BAND &#8211; Rock &#8217;n&#8216; Roll pur und live &#8211; ein einmaliges und mitreißendes Erlebnis!</p>
<p>Rock&#8217;n&#8217;Roll muss man spüren! Nur Live auf der Bühne entfesselt diese Musik ihre urwüchsige, brachiale Kraft.</p>
<p>The AC/DCs Tribute Band erschaffen mit ihrer energiegeladenen Performance und ihrem authentischen Sound eine unvergleichliche Stimmung auf ihren Konzerten. Bekannt für ihre leidenschaftliche Bühnenshow, nehmen die fünf Musiker aus Berlin die Fans mit auf eine emotionale und stimmungsvolle Zeitreise durch fünf Jahrzehnte &#8211; ein Streifzug durch die Geschichte von AC/DC.</p>
<p>Leadgitarristin Sara fegt in Schuluniform über die Bühne und entfacht mit ihren messerscharfen und eindringlichen Soli das Feuer, welches mit den knalligen Riffs von Rhythmusgitarrist Zoltán uner­müdlich am Brennen gehalten wird. Bassist Lasse und Drummer Dennis sorgen für ordentlich Druck, der urtypisch für den AC/DC-Sound ist.</p>
<p>Nichtzuletzt die markante, schneidende Stimme des Sängers Matze lässt die Fans in Erinnerung an den verstorbenen Sänger Bon Scott schwelgen, wobei er es erstaunlich gut schafft auch die höchsten Register eines Brian Johnson zu erreichen. Rock at it’s best!</p>
<p>Mehrfach wurde der Band schon bescheinigt, verdammt nah am Original zu sein! High Voltage Rock’n’Roll</p>
<p>Foto: Reiner Topel</p>
<p>······································<br />
<a href="https://www.acdcs.de/" target="_blank">https://www.acdcs.de/</a><br />
<a href="https://www.instagram.com/theacdcstributeband" target="_blank">https://www.instagram.com/theacdcstributeband</a><br />
<a href="https://www.facebook.com/theacdcs" target="_blank">https://www.facebook.com/theacdcs</a><br />
······································</p>
<p><iframe loading="lazy" width="1071" height="602" src="https://www.youtube.com/embed/bKUJh-lRuYY" title="Trailer - THE AC/DCs TRIBUTE BAND" frameborder="0" allow="accelerometer; autoplay; clipboard-write; encrypted-media; gyroscope; picture-in-picture; web-share" referrerpolicy="strict-origin-when-cross-origin" allowfullscreen></iframe><br />
<iframe loading="lazy" width="1071" height="602" src="https://www.youtube.com/embed/xYwWg4cAPHU" title="THE ACDCs TRIBUTE BAND  - HellsBells live@Race61 2024" frameborder="0" allow="accelerometer; autoplay; clipboard-write; encrypted-media; gyroscope; picture-in-picture; web-share" referrerpolicy="strict-origin-when-cross-origin" allowfullscreen></iframe><br />
<iframe loading="lazy" width="1071" height="602" src="https://www.youtube.com/embed/nmDPUh0rd-Q" title="The ACDCs Tribute Band - Rock&#39;n&#39;Roll Damnation Live" frameborder="0" allow="accelerometer; autoplay; clipboard-write; encrypted-media; gyroscope; picture-in-picture; web-share" referrerpolicy="strict-origin-when-cross-origin" allowfullscreen></iframe></p>
