{"id":15186,"date":"2026-03-10T14:00:55","date_gmt":"2026-03-10T13:00:55","guid":{"rendered":"https:\/\/www.f-haus.de\/cms\/?post_type=tribe_events&#038;p=15186"},"modified":"2026-03-11T14:35:43","modified_gmt":"2026-03-11T13:35:43","slug":"blitzkid-110626","status":"publish","type":"tribe_events","link":"https:\/\/www.f-haus.de\/cms\/event\/blitzkid-110626\/","title":{"rendered":"BLITZKID + THE FRIGHT"},"content":{"rendered":"<p><b>BLITZKID<\/b><br \/>\n+ special guest: THE FRIGHT<br \/>\n\u00b7\u00b7\u00b7\u00b7\u00b7\u00b7\u00b7\u00b7\u00b7\u00b7\u00b7\u00b7\u00b7\u00b7\u00b7\u00b7\u00b7\u00b7\u00b7\u00b7\u00b7\u00b7\u00b7\u00b7\u00b7\u00b7\u00b7\u00b7\u00b7\u00b7\u00b7\u00b7\u00b7\u00b7\u00b7\u00b7\u00b7\u00b7<br \/>\n19:00 Einlass, 20:00 Beginn<br \/>\n&#x1f39f;&#xfe0f; | <a href='https:\/\/www.f-haus.de\/cms\/tickets-kaufen\/'>https:\/\/www.f-haus.de\/cms\/tickets-kaufen\/<\/a><br \/>\n\u00b7\u00b7\u00b7\u00b7\u00b7\u00b7\u00b7\u00b7\u00b7\u00b7\u00b7\u00b7\u00b7\u00b7\u00b7\u00b7\u00b7\u00b7\u00b7\u00b7\u00b7\u00b7\u00b7\u00b7\u00b7\u00b7\u00b7\u00b7\u00b7\u00b7\u00b7\u00b7\u00b7\u00b7\u00b7\u00b7\u00b7\u00b7<\/p>\n<p><img loading=\"lazy\" decoding=\"async\" src=\"https:\/\/www.f-haus.de\/cms\/wp-content\/uploads\/2026\/03\/blitzkidlive-1024x768.jpg\" alt=\"\" width=\"1024\" height=\"768\" class=\"alignnone size-large wp-image-15192\" srcset=\"https:\/\/www.f-haus.de\/cms\/wp-content\/uploads\/2026\/03\/blitzkidlive-1024x768.jpg 1024w, https:\/\/www.f-haus.de\/cms\/wp-content\/uploads\/2026\/03\/blitzkidlive-300x225.jpg 300w, https:\/\/www.f-haus.de\/cms\/wp-content\/uploads\/2026\/03\/blitzkidlive-768x576.jpg 768w, https:\/\/www.f-haus.de\/cms\/wp-content\/uploads\/2026\/03\/blitzkidlive-1536x1152.jpg 1536w, https:\/\/www.f-haus.de\/cms\/wp-content\/uploads\/2026\/03\/blitzkidlive.jpg 1600w\" sizes=\"auto, (max-width: 1024px) 100vw, 1024px\" \/><\/p>\n<p>Dreckig, d\u00fcster und direkt aus den Schatten: Blitzkid bringen ihren urw\u00fcchsigen Horrorpunk mit harten Riffs und schaurig-melodischen Hymnen ins F-Haus Jena.<\/p>\n<p>Blitzkid ist eine Punkrock Band aus Bluefield, WV. Sie spielten eine entscheidende Rolle bei der Entwicklung und Verbreitung des Horrorpunk und z\u00e4hlen bis heute zu seinen f\u00fchrenden Vertretern. Die Band wird von S\u00e4nger und Bassist Argyle Goolsby und S\u00e4nger und Gitarrist TB-Monstrosity angef\u00fchrt. Gegr\u00fcndet 1997, ver\u00f6ffentlichten Blitzkid f\u00fcnf Studioalben bei Indie- und Major-Labels, waren auf zahlreichen Compilations vertreten und tourten ausgiebig im In- und Ausland.<\/p>\n<p>&#8230;&#8230;&#8230;&#8230;&#8230;&#8230;&#8230;&#8230;&#8230;&#8230;&#8230;&#8230;..<\/p>\n<p><img loading=\"lazy\" decoding=\"async\" src=\"https:\/\/www.f-haus.de\/cms\/wp-content\/uploads\/2026\/03\/gross-2307-1024x683.jpg\" alt=\"\" width=\"1024\" height=\"683\" class=\"alignnone size-large wp-image-15191\" srcset=\"https:\/\/www.f-haus.de\/cms\/wp-content\/uploads\/2026\/03\/gross-2307-1024x683.jpg 1024w, https:\/\/www.f-haus.de\/cms\/wp-content\/uploads\/2026\/03\/gross-2307-300x200.jpg 300w, https:\/\/www.f-haus.de\/cms\/wp-content\/uploads\/2026\/03\/gross-2307-768x512.jpg 768w, https:\/\/www.f-haus.de\/cms\/wp-content\/uploads\/2026\/03\/gross-2307-1536x1024.jpg 1536w, https:\/\/www.f-haus.de\/cms\/wp-content\/uploads\/2026\/03\/gross-2307-2048x1365.jpg 2048w\" sizes=\"auto, (max-width: 1024px) 100vw, 1024px\" \/><\/p>\n<p>Gegr\u00fcndet im Jahr 2002 im th\u00fcringischen Hermsdorf durch Frontmann Lon Fright, entwickelten sich The Fright von einer Horror-Punk-Band zu einer festen Gr\u00f6\u00dfe im Dark\/Gothic Rock. Im Jahr 2026 kanalisiert ihr Sound die 80er-Jahre-Wave-Melancholie von The Cure, geh\u00fcllt in eine gitarrenlastige Intensit\u00e4t, die an The Sisters of Mercy und Type O Negative erinnert \u2013 unterlegt mit tieferen, metallischen T\u00f6nen.<br \/>\nMit einer Historie zahlreicher Europatourneen an der Seite von Bands wie The Other und The 69 Eyes ziehen The Fright ihr Publikum weiterhin mit ihrer einzigartigen Mischung aus Gothic-Drama und knallhartem Rock in den Bann<\/p>\n<p>\u00b7\u00b7\u00b7\u00b7\u00b7\u00b7\u00b7\u00b7\u00b7\u00b7\u00b7\u00b7\u00b7\u00b7\u00b7\u00b7\u00b7\u00b7\u00b7\u00b7\u00b7\u00b7\u00b7\u00b7\u00b7\u00b7\u00b7\u00b7\u00b7\u00b7\u00b7\u00b7\u00b7\u00b7\u00b7\u00b7\u00b7\u00b7<br \/>\n<a href=\"https:\/\/acwnnprod.com\/\" target=\"_blank\">https:\/\/acwnnprod.com\/<\/a><br \/>\n<a href=\"https:\/\/www.instagram.com\/officialblitzkid\" target=\"_blank\">https:\/\/www.instagram.com\/officialblitzkid<\/a><br \/>\n<a href=\"https:\/\/www.facebook.com\/BlitzkidOfficial\/\" target=\"_blank\">https:\/\/www.facebook.com\/BlitzkidOfficial\/<\/a><br \/>\n<a href=\"https:\/\/www.youtube.com\/@BLITZKID\" target=\"_blank\">https:\/\/www.youtube.com\/@BLITZKID<\/a><br \/>\n<a href=\"https:\/\/www.instagram.com\/the__fright\/\" target=\"_blank\">https:\/\/www.instagram.com\/the__fright\/<\/a><br \/>\n<a href=\"http:\/\/facebook.com\/TheFrightOfficial\/\" target=\"_blank\">http:\/\/facebook.com\/TheFrightOfficial\/<\/a><br \/>\n\u00b7\u00b7\u00b7\u00b7\u00b7\u00b7\u00b7\u00b7\u00b7\u00b7\u00b7\u00b7\u00b7\u00b7\u00b7\u00b7\u00b7\u00b7\u00b7\u00b7\u00b7\u00b7\u00b7\u00b7\u00b7\u00b7\u00b7\u00b7\u00b7\u00b7\u00b7\u00b7\u00b7\u00b7\u00b7\u00b7\u00b7\u00b7<\/p>\n<p><iframe loading=\"lazy\" width=\"1071\" height=\"602\" src=\"https:\/\/www.youtube.com\/embed\/sjn8Gr8ACQ0\" title=\"WERWULF (Official Music Video)\" frameborder=\"0\" allow=\"accelerometer; autoplay; clipboard-write; encrypted-media; gyroscope; picture-in-picture; web-share\" referrerpolicy=\"strict-origin-when-cross-origin\" allowfullscreen><\/iframe><br \/>\n<iframe loading=\"lazy\" width=\"1071\" height=\"666\" src=\"https:\/\/www.youtube.com\/embed\/R6MjY1GzQKc\" title=\"She Dominates (Revamped)\" frameborder=\"0\" allow=\"accelerometer; autoplay; clipboard-write; encrypted-media; gyroscope; picture-in-picture; web-share\" referrerpolicy=\"strict-origin-when-cross-origin\" allowfullscreen><\/iframe><br \/>\n<iframe loading=\"lazy\" width=\"1071\" height=\"666\" src=\"https:\/\/www.youtube.com\/embed\/QGJbRU57SVM\" title=\"Making a Monster (Revamped)\" frameborder=\"0\" allow=\"accelerometer; autoplay; clipboard-write; encrypted-media; gyroscope; picture-in-picture; web-share\" referrerpolicy=\"strict-origin-when-cross-origin\" allowfullscreen><\/iframe><br \/>\n<iframe loading=\"lazy\" width=\"1071\" height=\"602\" src=\"https:\/\/www.youtube.com\/embed\/TpVr5xeWENM\" title=\"The Fright - TRUST (Official Video)\" frameborder=\"0\" allow=\"accelerometer; autoplay; clipboard-write; encrypted-media; gyroscope; picture-in-picture; web-share\" referrerpolicy=\"strict-origin-when-cross-origin\" allowfullscreen><\/iframe><\/p>\n","protected":false},"excerpt":{"rendered":"<p>19:00 Einlass, 20:00 Beginn<br \/>\n&#x1f39f;&#xfe0f; | <a href=\"https:\/\/www.f-haus.de\/cms\/tickets-kaufen\/\">Tickets hier kaufen<\/a><br \/>\n<BR><br \/>\n<BR><\/p>\n","protected":false},"author":1,"featured_media":15187,"template":"","meta":{"_kad_post_transparent":"","_kad_post_title":"","_kad_post_layout":"","_kad_post_sidebar_id":"","_kad_post_content_style":"","_kad_post_vertical_padding":"","_kad_post_feature":"","_kad_post_feature_position":"","_kad_post_header":false,"_kad_post_footer":false,"_kad_post_classname":"","_tribe_events_status":"","_tribe_events_status_reason":"","footnotes":""},"tags":[743,1153,15,288,712],"tribe_events_cat":[633],"class_list":["post-15186","tribe_events","type-tribe_events","status-publish","has-post-thumbnail","hentry","tag-dark-rock","tag-horrorpunk","tag-konzert","tag-live","tag-punkrock","tribe_events_cat-konzert","cat_konzert"],"_links":{"self":[{"href":"https:\/\/www.f-haus.de\/cms\/wp-json\/wp\/v2\/tribe_events\/15186","targetHints":{"allow":["GET"]}}],"collection":[{"href":"https:\/\/www.f-haus.de\/cms\/wp-json\/wp\/v2\/tribe_events"}],"about":[{"href":"https:\/\/www.f-haus.de\/cms\/wp-json\/wp\/v2\/types\/tribe_events"}],"author":[{"embeddable":true,"href":"https:\/\/www.f-haus.de\/cms\/wp-json\/wp\/v2\/users\/1"}],"version-history":[{"count":4,"href":"https:\/\/www.f-haus.de\/cms\/wp-json\/wp\/v2\/tribe_events\/15186\/revisions"}],"predecessor-version":[{"id":15194,"href":"https:\/\/www.f-haus.de\/cms\/wp-json\/wp\/v2\/tribe_events\/15186\/revisions\/15194"}],"wp:featuredmedia":[{"embeddable":true,"href":"https:\/\/www.f-haus.de\/cms\/wp-json\/wp\/v2\/media\/15187"}],"wp:attachment":[{"href":"https:\/\/www.f-haus.de\/cms\/wp-json\/wp\/v2\/media?parent=15186"}],"wp:term":[{"taxonomy":"post_tag","embeddable":true,"href":"https:\/\/www.f-haus.de\/cms\/wp-json\/wp\/v2\/tags?post=15186"},{"taxonomy":"tribe_events_cat","embeddable":true,"href":"https:\/\/www.f-haus.de\/cms\/wp-json\/wp\/v2\/tribe_events_cat?post=15186"}],"curies":[{"name":"wp","href":"https:\/\/api.w.org\/{rel}","templated":true}]}}

<p><b>BLITZKID</b><br />
+ special guest: THE FRIGHT<br />
······································<br />
19:00 Einlass, 20:00 Beginn<br />
&#x1f39f;&#xfe0f; | <a href='https://www.f-haus.de/cms/tickets-kaufen/'>https://www.f-haus.de/cms/tickets-kaufen/</a><br />
······································</p>
<p><img loading="lazy" decoding="async" src="https://www.f-haus.de/cms/wp-content/uploads/2026/03/blitzkidlive-1024x768.jpg" alt="" width="1024" height="768" class="alignnone size-large wp-image-15192" srcset="https://www.f-haus.de/cms/wp-content/uploads/2026/03/blitzkidlive-1024x768.jpg 1024w, https://www.f-haus.de/cms/wp-content/uploads/2026/03/blitzkidlive-300x225.jpg 300w, https://www.f-haus.de/cms/wp-content/uploads/2026/03/blitzkidlive-768x576.jpg 768w, https://www.f-haus.de/cms/wp-content/uploads/2026/03/blitzkidlive-1536x1152.jpg 1536w, https://www.f-haus.de/cms/wp-content/uploads/2026/03/blitzkidlive.jpg 1600w" sizes="auto, (max-width: 1024px) 100vw, 1024px" /></p>
<p>Dreckig, düster und direkt aus den Schatten: Blitzkid bringen ihren urwüchsigen Horrorpunk mit harten Riffs und schaurig-melodischen Hymnen ins F-Haus Jena.</p>
<p>Blitzkid ist eine Punkrock Band aus Bluefield, WV. Sie spielten eine entscheidende Rolle bei der Entwicklung und Verbreitung des Horrorpunk und zählen bis heute zu seinen führenden Vertretern. Die Band wird von Sänger und Bassist Argyle Goolsby und Sänger und Gitarrist TB-Monstrosity angeführt. Gegründet 1997, veröffentlichten Blitzkid fünf Studioalben bei Indie- und Major-Labels, waren auf zahlreichen Compilations vertreten und tourten ausgiebig im In- und Ausland.</p>
<p>&#8230;&#8230;&#8230;&#8230;&#8230;&#8230;&#8230;&#8230;&#8230;&#8230;&#8230;&#8230;..</p>
<p><img loading="lazy" decoding="async" src="https://www.f-haus.de/cms/wp-content/uploads/2026/03/gross-2307-1024x683.jpg" alt="" width="1024" height="683" class="alignnone size-large wp-image-15191" srcset="https://www.f-haus.de/cms/wp-content/uploads/2026/03/gross-2307-1024x683.jpg 1024w, https://www.f-haus.de/cms/wp-content/uploads/2026/03/gross-2307-300x200.jpg 300w, https://www.f-haus.de/cms/wp-content/uploads/2026/03/gross-2307-768x512.jpg 768w, https://www.f-haus.de/cms/wp-content/uploads/2026/03/gross-2307-1536x1024.jpg 1536w, https://www.f-haus.de/cms/wp-content/uploads/2026/03/gross-2307-2048x1365.jpg 2048w" sizes="auto, (max-width: 1024px) 100vw, 1024px" /></p>
<p>Gegründet im Jahr 2002 im thüringischen Hermsdorf durch Frontmann Lon Fright, entwickelten sich The Fright von einer Horror-Punk-Band zu einer festen Größe im Dark/Gothic Rock. Im Jahr 2026 kanalisiert ihr Sound die 80er-Jahre-Wave-Melancholie von The Cure, gehüllt in eine gitarrenlastige Intensität, die an The Sisters of Mercy und Type O Negative erinnert – unterlegt mit tieferen, metallischen Tönen.<br />
Mit einer Historie zahlreicher Europatourneen an der Seite von Bands wie The Other und The 69 Eyes ziehen The Fright ihr Publikum weiterhin mit ihrer einzigartigen Mischung aus Gothic-Drama und knallhartem Rock in den Bann</p>
<p>······································<br />
<a href="https://acwnnprod.com/" target="_blank">https://acwnnprod.com/</a><br />
<a href="https://www.instagram.com/officialblitzkid" target="_blank">https://www.instagram.com/officialblitzkid</a><br />
<a href="https://www.facebook.com/BlitzkidOfficial/" target="_blank">https://www.facebook.com/BlitzkidOfficial/</a><br />
<a href="https://www.youtube.com/@BLITZKID" target="_blank">https://www.youtube.com/@BLITZKID</a><br />
<a href="https://www.instagram.com/the__fright/" target="_blank">https://www.instagram.com/the__fright/</a><br />
<a href="http://facebook.com/TheFrightOfficial/" target="_blank">http://facebook.com/TheFrightOfficial/</a><br />
······································</p>
<p><iframe loading="lazy" width="1071" height="602" src="https://www.youtube.com/embed/sjn8Gr8ACQ0" title="WERWULF (Official Music Video)" frameborder="0" allow="accelerometer; autoplay; clipboard-write; encrypted-media; gyroscope; picture-in-picture; web-share" referrerpolicy="strict-origin-when-cross-origin" allowfullscreen></iframe><br />
<iframe loading="lazy" width="1071" height="666" src="https://www.youtube.com/embed/R6MjY1GzQKc" title="She Dominates (Revamped)" frameborder="0" allow="accelerometer; autoplay; clipboard-write; encrypted-media; gyroscope; picture-in-picture; web-share" referrerpolicy="strict-origin-when-cross-origin" allowfullscreen></iframe><br />
<iframe loading="lazy" width="1071" height="666" src="https://www.youtube.com/embed/QGJbRU57SVM" title="Making a Monster (Revamped)" frameborder="0" allow="accelerometer; autoplay; clipboard-write; encrypted-media; gyroscope; picture-in-picture; web-share" referrerpolicy="strict-origin-when-cross-origin" allowfullscreen></iframe><br />
<iframe loading="lazy" width="1071" height="602" src="https://www.youtube.com/embed/TpVr5xeWENM" title="The Fright - TRUST (Official Video)" frameborder="0" allow="accelerometer; autoplay; clipboard-write; encrypted-media; gyroscope; picture-in-picture; web-share" referrerpolicy="strict-origin-when-cross-origin" allowfullscreen></iframe></p>
