{"id":15315,"date":"2026-04-30T12:02:35","date_gmt":"2026-04-30T10:02:35","guid":{"rendered":"https:\/\/www.f-haus.de\/cms\/?post_type=tribe_events&#038;p=15315"},"modified":"2026-04-30T12:02:35","modified_gmt":"2026-04-30T10:02:35","slug":"sagenbringer-190327","status":"publish","type":"tribe_events","link":"https:\/\/www.f-haus.de\/cms\/event\/sagenbringer-190327\/","title":{"rendered":"SAGENBRINGER"},"content":{"rendered":"<p>\u00b7\u00b7\u00b7\u00b7\u00b7\u00b7\u00b7\u00b7\u00b7\u00b7\u00b7\u00b7\u00b7\u00b7\u00b7\u00b7\u00b7\u00b7\u00b7\u00b7\u00b7\u00b7\u00b7\u00b7\u00b7\u00b7\u00b7\u00b7\u00b7\u00b7\u00b7\u00b7\u00b7\u00b7\u00b7\u00b7\u00b7\u00b7<\/p>\n<p><b>SAGENBRINGER<\/b><br \/>\n&#8222;Zwischen den Welten Epilog 2027&#8220;<\/p>\n<p>\u00b7\u00b7\u00b7\u00b7\u00b7\u00b7\u00b7\u00b7\u00b7\u00b7\u00b7\u00b7\u00b7\u00b7\u00b7\u00b7\u00b7\u00b7\u00b7\u00b7\u00b7\u00b7\u00b7\u00b7\u00b7\u00b7\u00b7\u00b7\u00b7\u00b7\u00b7\u00b7\u00b7\u00b7\u00b7\u00b7\u00b7\u00b7<br \/>\n19:00 Einlass, 20:00 Beginn<br \/>\n&#x1f39f;&#xfe0f; | <a href=\"https:\/\/www.f-haus.de\/cms\/tickets-kaufen\/\">https:\/\/www.f-haus.de\/cms\/tickets-kaufen<\/a><br \/>\n\u00b7\u00b7\u00b7\u00b7\u00b7\u00b7\u00b7\u00b7\u00b7\u00b7\u00b7\u00b7\u00b7\u00b7\u00b7\u00b7\u00b7\u00b7\u00b7\u00b7\u00b7\u00b7\u00b7\u00b7\u00b7\u00b7\u00b7\u00b7\u00b7\u00b7\u00b7\u00b7\u00b7\u00b7\u00b7\u00b7\u00b7\u00b7<\/p>\n<p>Die Reise zwischen den Welten nahm im Fr\u00fchjahr 2026 ihren Anfang. Die Geschichten fanden Anklang und so ziehen die Skalden von Sagenbringer erneut aus, um den EPILOG 2027 zu schreiben. In sechs weiteren St\u00e4dten feiern die vier Nordlichter ihr aktuelles Werk und beschlie\u00dfen damit die erfolgreiche \u00c4ra ZWISCHEN DEN WELTEN.<\/p>\n<p>Freut euch auf sechs weitere Live-Shows quer durch Deutschland voller Energie, Emotionen und epischen Hymnen.<\/p>\n<p>Reist mit SAGENBRINGER noch einmal Zwischen den Welten! Jetzt Tickets sichern!<\/p>\n<p>\u00b7\u00b7\u00b7\u00b7\u00b7\u00b7\u00b7\u00b7\u00b7\u00b7\u00b7\u00b7\u00b7\u00b7\u00b7\u00b7\u00b7\u00b7\u00b7\u00b7\u00b7\u00b7\u00b7\u00b7\u00b7\u00b7\u00b7\u00b7\u00b7\u00b7\u00b7\u00b7\u00b7\u00b7\u00b7\u00b7\u00b7\u00b7<br \/>\n<a href=\"https:\/\/www.sagenbringer.com\/\" target=\"_blank\">https:\/\/www.sagenbringer.com<\/a><br \/>\n<a href=\"https:\/\/www.facebook.com\/sagenbringer\" target=\"_blank\">https:\/\/www.facebook.com\/sagenbringer<\/a><br \/>\n<a href=\"https:\/\/www.instagram.com\/sagenbringer_official\" target=\"_blank\">https:\/\/www.instagram.com\/sagenbringer_official<\/a><br \/>\n\u00b7\u00b7\u00b7\u00b7\u00b7\u00b7\u00b7\u00b7\u00b7\u00b7\u00b7\u00b7\u00b7\u00b7\u00b7\u00b7\u00b7\u00b7\u00b7\u00b7\u00b7\u00b7\u00b7\u00b7\u00b7\u00b7\u00b7\u00b7\u00b7\u00b7\u00b7\u00b7\u00b7\u00b7\u00b7\u00b7\u00b7\u00b7<\/p>\n<p><iframe loading=\"lazy\" width=\"1071\" height=\"602\" src=\"https:\/\/www.youtube.com\/embed\/d7eL8j7KZos\" title=\"Sagenbringer - Druid Natt (Official Video)\" frameborder=\"0\" allow=\"accelerometer; autoplay; clipboard-write; encrypted-media; gyroscope; picture-in-picture; web-share\" referrerpolicy=\"strict-origin-when-cross-origin\" allowfullscreen><\/iframe><br \/>\n<iframe loading=\"lazy\" width=\"1071\" height=\"602\" src=\"https:\/\/www.youtube.com\/embed\/eHo7cZP4eW4\" title=\"Sagenbringer - Der MetDrache (Official Video)\" frameborder=\"0\" allow=\"accelerometer; autoplay; clipboard-write; encrypted-media; gyroscope; picture-in-picture; web-share\" referrerpolicy=\"strict-origin-when-cross-origin\" allowfullscreen><\/iframe><\/p>\n","protected":false},"excerpt":{"rendered":"<p>19:00 Einlass, 20:00 Beginn<br \/>\n&#x1f39f;&#xfe0f; | <a href=\"https:\/\/www.f-haus.de\/cms\/tickets-kaufen\/\">Tickets hier kaufen<\/a><br \/>\n<BR><br \/>\n<BR><\/p>\n","protected":false},"author":1,"featured_media":15316,"template":"","meta":{"_kad_post_transparent":"","_kad_post_title":"","_kad_post_layout":"","_kad_post_sidebar_id":"","_kad_post_content_style":"","_kad_post_vertical_padding":"","_kad_post_feature":"","_kad_post_feature_position":"","_kad_post_header":false,"_kad_post_footer":false,"_kad_post_classname":"","_tribe_events_status":"","_tribe_events_status_reason":"","footnotes":""},"tags":[751,15,288,1161],"tribe_events_cat":[633],"class_list":["post-15315","tribe_events","type-tribe_events","status-publish","has-post-thumbnail","hentry","tag-folk-metal","tag-konzert","tag-live","tag-pagan-metal","tribe_events_cat-konzert","cat_konzert"],"_links":{"self":[{"href":"https:\/\/www.f-haus.de\/cms\/wp-json\/wp\/v2\/tribe_events\/15315","targetHints":{"allow":["GET"]}}],"collection":[{"href":"https:\/\/www.f-haus.de\/cms\/wp-json\/wp\/v2\/tribe_events"}],"about":[{"href":"https:\/\/www.f-haus.de\/cms\/wp-json\/wp\/v2\/types\/tribe_events"}],"author":[{"embeddable":true,"href":"https:\/\/www.f-haus.de\/cms\/wp-json\/wp\/v2\/users\/1"}],"version-history":[{"count":1,"href":"https:\/\/www.f-haus.de\/cms\/wp-json\/wp\/v2\/tribe_events\/15315\/revisions"}],"predecessor-version":[{"id":15317,"href":"https:\/\/www.f-haus.de\/cms\/wp-json\/wp\/v2\/tribe_events\/15315\/revisions\/15317"}],"wp:featuredmedia":[{"embeddable":true,"href":"https:\/\/www.f-haus.de\/cms\/wp-json\/wp\/v2\/media\/15316"}],"wp:attachment":[{"href":"https:\/\/www.f-haus.de\/cms\/wp-json\/wp\/v2\/media?parent=15315"}],"wp:term":[{"taxonomy":"post_tag","embeddable":true,"href":"https:\/\/www.f-haus.de\/cms\/wp-json\/wp\/v2\/tags?post=15315"},{"taxonomy":"tribe_events_cat","embeddable":true,"href":"https:\/\/www.f-haus.de\/cms\/wp-json\/wp\/v2\/tribe_events_cat?post=15315"}],"curies":[{"name":"wp","href":"https:\/\/api.w.org\/{rel}","templated":true}]}}

<p>······································</p>
<p><b>SAGENBRINGER</b><br />
&#8222;Zwischen den Welten Epilog 2027&#8220;</p>
<p>······································<br />
19:00 Einlass, 20:00 Beginn<br />
&#x1f39f;&#xfe0f; | <a href="https://www.f-haus.de/cms/tickets-kaufen/">https://www.f-haus.de/cms/tickets-kaufen</a><br />
······································</p>
<p>Die Reise zwischen den Welten nahm im Frühjahr 2026 ihren Anfang. Die Geschichten fanden Anklang und so ziehen die Skalden von Sagenbringer erneut aus, um den EPILOG 2027 zu schreiben. In sechs weiteren Städten feiern die vier Nordlichter ihr aktuelles Werk und beschließen damit die erfolgreiche Ära ZWISCHEN DEN WELTEN.</p>
<p>Freut euch auf sechs weitere Live-Shows quer durch Deutschland voller Energie, Emotionen und epischen Hymnen.</p>
<p>Reist mit SAGENBRINGER noch einmal Zwischen den Welten! Jetzt Tickets sichern!</p>
<p>······································<br />
<a href="https://www.sagenbringer.com/" target="_blank">https://www.sagenbringer.com</a><br />
<a href="https://www.facebook.com/sagenbringer" target="_blank">https://www.facebook.com/sagenbringer</a><br />
<a href="https://www.instagram.com/sagenbringer_official" target="_blank">https://www.instagram.com/sagenbringer_official</a><br />
······································</p>
<p><iframe loading="lazy" width="1071" height="602" src="https://www.youtube.com/embed/d7eL8j7KZos" title="Sagenbringer - Druid Natt (Official Video)" frameborder="0" allow="accelerometer; autoplay; clipboard-write; encrypted-media; gyroscope; picture-in-picture; web-share" referrerpolicy="strict-origin-when-cross-origin" allowfullscreen></iframe><br />
<iframe loading="lazy" width="1071" height="602" src="https://www.youtube.com/embed/eHo7cZP4eW4" title="Sagenbringer - Der MetDrache (Official Video)" frameborder="0" allow="accelerometer; autoplay; clipboard-write; encrypted-media; gyroscope; picture-in-picture; web-share" referrerpolicy="strict-origin-when-cross-origin" allowfullscreen></iframe></p>
