{"id":15319,"date":"2026-04-30T14:48:13","date_gmt":"2026-04-30T12:48:13","guid":{"rendered":"https:\/\/www.f-haus.de\/cms\/?post_type=tribe_events&#038;p=15319"},"modified":"2026-04-30T14:48:13","modified_gmt":"2026-04-30T12:48:13","slug":"friedrich-herrmann-300926","status":"publish","type":"tribe_events","link":"https:\/\/www.f-haus.de\/cms\/event\/friedrich-herrmann-300926\/","title":{"rendered":"FRIEDRICH HERRMANN<br>&#8222;Killin it softly (letzte Vorstellung)&#8220;"},"content":{"rendered":"<p><b>FRIEDRICH HERRMANN<\/b><br \/>\n<strong>&#8222;Killin it softly (letzte Vorstellung)&#8220;<\/strong><\/p>\n<p>\u00b7\u00b7\u00b7\u00b7\u00b7\u00b7\u00b7\u00b7\u00b7\u00b7\u00b7\u00b7\u00b7\u00b7\u00b7\u00b7\u00b7\u00b7\u00b7\u00b7\u00b7\u00b7\u00b7\u00b7\u00b7\u00b7\u00b7\u00b7\u00b7\u00b7\u00b7\u00b7\u00b7\u00b7\u00b7\u00b7\u00b7\u00b7<br \/>\n19:00 Einlass, 20:00 Beginn<br \/>\nDie Veranstaltung ist voll bestuhlt<br \/>\n&#x1f39f;&#xfe0f; | <a href=\"https:\/\/www.f-haus.de\/cms\/tickets-kaufen\/\">https:\/\/www.f-haus.de\/cms\/tickets-kaufen<\/a><br \/>\n\u00b7\u00b7\u00b7\u00b7\u00b7\u00b7\u00b7\u00b7\u00b7\u00b7\u00b7\u00b7\u00b7\u00b7\u00b7\u00b7\u00b7\u00b7\u00b7\u00b7\u00b7\u00b7\u00b7\u00b7\u00b7\u00b7\u00b7\u00b7\u00b7\u00b7\u00b7\u00b7\u00b7\u00b7\u00b7\u00b7\u00b7\u00b7<\/p>\n<p>Friedrich Herrmann, aufgewachsen in Erfurt und Jena, ist einer der ganz wenigen seiner Art: ein Standup Comedian aus Th\u00fcringen. Er ist der aktuelle Walter-Dexel-Preistr\u00e4ger der Stadt Jena. Seine Wurzeln hat er in der Poetry Slam Szene. Er ist seit \u00fcber 10 Jahren im gesamten deutschsprachigen Raum mit seinen Texten und Stories unterwegs. Im F-Haus spielt er am 30.9. zum letzten Mal sein erstes abendf\u00fcllendes Standup Solo in seiner ihm eigenen Art: charmant, witzig &#038; ehrlich. Wenn ihr Oliver Pocher bl\u00f6d findet, werdet ihr wahrscheinlich einen guten Abend haben.<\/p>\n<p>\u00b7\u00b7\u00b7\u00b7\u00b7\u00b7\u00b7\u00b7\u00b7\u00b7\u00b7\u00b7\u00b7\u00b7\u00b7\u00b7\u00b7\u00b7\u00b7\u00b7\u00b7\u00b7\u00b7\u00b7\u00b7\u00b7\u00b7\u00b7\u00b7\u00b7\u00b7\u00b7\u00b7\u00b7\u00b7\u00b7\u00b7\u00b7<\/p>\n<p><a href=\"https:\/\/friedrich-herrmann.com\/\" target=\"_blank\">https:\/\/friedrich-herrmann.com\/<\/a><br \/>\n<a href=\"https:\/\/www.instagram.com\/fryherr\/\" target=\"_blank\">https:\/\/www.instagram.com\/fryherr\/<\/a><br \/>\n<a href=\"https:\/\/www.facebook.com\/fryherr\/\" target=\"_blank\">https:\/\/www.facebook.com\/fryherr\/<\/a><\/p>\n<p>\u00b7\u00b7\u00b7\u00b7\u00b7\u00b7\u00b7\u00b7\u00b7\u00b7\u00b7\u00b7\u00b7\u00b7\u00b7\u00b7\u00b7\u00b7\u00b7\u00b7\u00b7\u00b7\u00b7\u00b7\u00b7\u00b7\u00b7\u00b7\u00b7\u00b7\u00b7\u00b7\u00b7\u00b7\u00b7\u00b7\u00b7\u00b7<\/p>\n<p><iframe loading=\"lazy\" width=\"1071\" height=\"602\" src=\"https:\/\/www.youtube.com\/embed\/M0eqgyOZ45I\" title=\"Die deutsche Seele in einem Wort: Mist | Friedrich Herrmann | NightWash TV\" frameborder=\"0\" allow=\"accelerometer; autoplay; clipboard-write; encrypted-media; gyroscope; picture-in-picture; web-share\" referrerpolicy=\"strict-origin-when-cross-origin\" allowfullscreen><\/iframe><\/p>\n","protected":false},"excerpt":{"rendered":"<p>19:00 Einlass, 20:00 Beginn<br \/>\n&#x1f39f;&#xfe0f; | <a href=\"https:\/\/www.f-haus.de\/cms\/tickets-kaufen\/\">Tickets hier kaufen<\/a><br \/>\n<BR><br \/>\n<BR><\/p>\n","protected":false},"author":1,"featured_media":15320,"template":"","meta":{"_kad_post_transparent":"","_kad_post_title":"","_kad_post_layout":"","_kad_post_sidebar_id":"","_kad_post_content_style":"","_kad_post_vertical_padding":"","_kad_post_feature":"","_kad_post_feature_position":"","_kad_post_header":false,"_kad_post_footer":false,"_kad_post_classname":"","_tribe_events_status":"","_tribe_events_status_reason":"","footnotes":""},"tags":[651,288],"tribe_events_cat":[629],"class_list":["post-15319","tribe_events","type-tribe_events","status-publish","has-post-thumbnail","hentry","tag-comedy","tag-live","tribe_events_cat-comedy-lesung","cat_comedy-lesung"],"_links":{"self":[{"href":"https:\/\/www.f-haus.de\/cms\/wp-json\/wp\/v2\/tribe_events\/15319","targetHints":{"allow":["GET"]}}],"collection":[{"href":"https:\/\/www.f-haus.de\/cms\/wp-json\/wp\/v2\/tribe_events"}],"about":[{"href":"https:\/\/www.f-haus.de\/cms\/wp-json\/wp\/v2\/types\/tribe_events"}],"author":[{"embeddable":true,"href":"https:\/\/www.f-haus.de\/cms\/wp-json\/wp\/v2\/users\/1"}],"version-history":[{"count":1,"href":"https:\/\/www.f-haus.de\/cms\/wp-json\/wp\/v2\/tribe_events\/15319\/revisions"}],"predecessor-version":[{"id":15321,"href":"https:\/\/www.f-haus.de\/cms\/wp-json\/wp\/v2\/tribe_events\/15319\/revisions\/15321"}],"wp:featuredmedia":[{"embeddable":true,"href":"https:\/\/www.f-haus.de\/cms\/wp-json\/wp\/v2\/media\/15320"}],"wp:attachment":[{"href":"https:\/\/www.f-haus.de\/cms\/wp-json\/wp\/v2\/media?parent=15319"}],"wp:term":[{"taxonomy":"post_tag","embeddable":true,"href":"https:\/\/www.f-haus.de\/cms\/wp-json\/wp\/v2\/tags?post=15319"},{"taxonomy":"tribe_events_cat","embeddable":true,"href":"https:\/\/www.f-haus.de\/cms\/wp-json\/wp\/v2\/tribe_events_cat?post=15319"}],"curies":[{"name":"wp","href":"https:\/\/api.w.org\/{rel}","templated":true}]}}

<p><b>FRIEDRICH HERRMANN</b><br />
<strong>&#8222;Killin it softly (letzte Vorstellung)&#8220;</strong></p>
<p>······································<br />
19:00 Einlass, 20:00 Beginn<br />
Die Veranstaltung ist voll bestuhlt<br />
&#x1f39f;&#xfe0f; | <a href="https://www.f-haus.de/cms/tickets-kaufen/">https://www.f-haus.de/cms/tickets-kaufen</a><br />
······································</p>
<p>Friedrich Herrmann, aufgewachsen in Erfurt und Jena, ist einer der ganz wenigen seiner Art: ein Standup Comedian aus Thüringen. Er ist der aktuelle Walter-Dexel-Preisträger der Stadt Jena. Seine Wurzeln hat er in der Poetry Slam Szene. Er ist seit über 10 Jahren im gesamten deutschsprachigen Raum mit seinen Texten und Stories unterwegs. Im F-Haus spielt er am 30.9. zum letzten Mal sein erstes abendfüllendes Standup Solo in seiner ihm eigenen Art: charmant, witzig &#038; ehrlich. Wenn ihr Oliver Pocher blöd findet, werdet ihr wahrscheinlich einen guten Abend haben.</p>
<p>······································</p>
<p><a href="https://friedrich-herrmann.com/" target="_blank">https://friedrich-herrmann.com/</a><br />
<a href="https://www.instagram.com/fryherr/" target="_blank">https://www.instagram.com/fryherr/</a><br />
<a href="https://www.facebook.com/fryherr/" target="_blank">https://www.facebook.com/fryherr/</a></p>
<p>······································</p>
<p><iframe loading="lazy" width="1071" height="602" src="https://www.youtube.com/embed/M0eqgyOZ45I" title="Die deutsche Seele in einem Wort: Mist | Friedrich Herrmann | NightWash TV" frameborder="0" allow="accelerometer; autoplay; clipboard-write; encrypted-media; gyroscope; picture-in-picture; web-share" referrerpolicy="strict-origin-when-cross-origin" allowfullscreen></iframe></p>
